{"id":56,"date":"2014-01-17T14:19:17","date_gmt":"2014-01-17T13:19:17","guid":{"rendered":"http:\/\/blog.ove.asso.fr\/174011\/?page_id=56"},"modified":"2014-01-17T14:19:17","modified_gmt":"2014-01-17T13:19:17","slug":"usagers-parents","status":"publish","type":"page","link":"https:\/\/blog.fondation-ove.fr\/thonon\/sessad-clos-poisat\/usagers-parents\/","title":{"rendered":"Usagers &amp; parents"},"content":{"rendered":"<p><a href=\"http:\/\/blog.fondation-ove.fr\/thonon\/wp-content\/uploads\/sites\/10\/2014\/01\/20140205_famille-double-signature_SESSAD.pdf\">Courrier Fondation OVE Mr Berthuy<\/a><\/p>\n<p><a href=\"http:\/\/blog.ove.asso.fr\/thonon\/files\/2014\/01\/Liste-des-personnes-qualifi+\u00aees-2013-V3-janvier-2014.pdf\">Liste des personnes qualifi\u00e9es<\/a><\/p>\n<p><a href=\"http:\/\/blog.fondation-ove.fr\/thonon\/wp-content\/uploads\/sites\/10\/2014\/01\/20140203_gr-parents-13-14-IME.pdf\">Calendrier des r\u00e9unions du groupe de soutien \u00e0 la parentalit\u00e9<\/a><\/p>\n<p>Mardi 21 janvier 2014 &#8211; 18:00 &#8211; Salle de r\u00e9union IME<\/p>\n<p>Mardi 18 f\u00e9vrier 2014 &#8211;\u00a018:00 &#8211; Salle de r\u00e9union IME<\/p>\n<p>Mardi 18 mars 2014 &#8211;\u00a018:00 &#8211; Salle de r\u00e9union IME<\/p>\n<p>Mardi 15 avril 2014 &#8211;\u00a018:00 &#8211; Salle de r\u00e9union IME<\/p>\n<p>Mardi 13 mai 2014 &#8211;\u00a018:00 &#8211; Salle de r\u00e9union IME<\/p>\n<p>Mardi 17 juin 2014 &#8211;\u00a018:00 &#8211; Salle de r\u00e9union IME<\/p>\n<p>&nbsp;<\/p>\n","protected":false},"excerpt":{"rendered":"<p>Courrier Fondation OVE Mr Berthuy Liste des personnes qualifi\u00e9es Calendrier des r\u00e9unions du groupe de soutien \u00e0 la parentalit\u00e9 Mardi 21 janvier 2014 &#8211; 18:00 &#8211; Salle de r\u00e9union IME Mardi 18 f\u00e9vrier 2014 &#8211;\u00a018:00 &#8211; Salle de r\u00e9union IME &hellip; <a href=\"https:\/\/blog.fondation-ove.fr\/thonon\/sessad-clos-poisat\/usagers-parents\/\">Continuer la lecture <span class=\"meta-nav\">&rarr;<\/span><\/a><\/p>\n","protected":false},"author":22,"featured_media":0,"parent":418,"menu_order":0,"comment_status":"open","ping_status":"open","template":"","meta":{"ngg_post_thumbnail":0,"footnotes":""},"class_list":["post-56","page","type-page","status-publish","hentry"],"_links":{"self":[{"href":"https:\/\/blog.fondation-ove.fr\/thonon\/wp-json\/wp\/v2\/pages\/56","targetHints":{"allow":["GET"]}}],"collection":[{"href":"https:\/\/blog.fondation-ove.fr\/thonon\/wp-json\/wp\/v2\/pages"}],"about":[{"href":"https:\/\/blog.fondation-ove.fr\/thonon\/wp-json\/wp\/v2\/types\/page"}],"author":[{"embeddable":true,"href":"https:\/\/blog.fondation-ove.fr\/thonon\/wp-json\/wp\/v2\/users\/22"}],"replies":[{"embeddable":true,"href":"https:\/\/blog.fondation-ove.fr\/thonon\/wp-json\/wp\/v2\/comments?post=56"}],"version-history":[{"count":0,"href":"https:\/\/blog.fondation-ove.fr\/thonon\/wp-json\/wp\/v2\/pages\/56\/revisions"}],"up":[{"embeddable":true,"href":"https:\/\/blog.fondation-ove.fr\/thonon\/wp-json\/wp\/v2\/pages\/418"}],"wp:attachment":[{"href":"https:\/\/blog.fondation-ove.fr\/thonon\/wp-json\/wp\/v2\/media?parent=56"}],"curies":[{"name":"wp","href":"https:\/\/api.w.org\/{rel}","templated":true}]}}

<p><a href="http://blog.fondation-ove.fr/thonon/wp-content/uploads/sites/10/2014/01/20140205_famille-double-signature_SESSAD.pdf">Courrier Fondation OVE Mr Berthuy</a></p>
<p><a href="http://blog.ove.asso.fr/thonon/files/2014/01/Liste-des-personnes-qualifi+®es-2013-V3-janvier-2014.pdf">Liste des personnes qualifiées</a></p>
<p><a href="http://blog.fondation-ove.fr/thonon/wp-content/uploads/sites/10/2014/01/20140203_gr-parents-13-14-IME.pdf">Calendrier des réunions du groupe de soutien à la parentalité</a></p>
<p>Mardi 21 janvier 2014 &#8211; 18:00 &#8211; Salle de réunion IME</p>
<p>Mardi 18 février 2014 &#8211; 18:00 &#8211; Salle de réunion IME</p>
<p>Mardi 18 mars 2014 &#8211; 18:00 &#8211; Salle de réunion IME</p>
<p>Mardi 15 avril 2014 &#8211; 18:00 &#8211; Salle de réunion IME</p>
<p>Mardi 13 mai 2014 &#8211; 18:00 &#8211; Salle de réunion IME</p>
<p>Mardi 17 juin 2014 &#8211; 18:00 &#8211; Salle de réunion IME</p>
<p>&nbsp;</p>

<p>Courrier Fondation OVE Mr Berthuy Liste des personnes qualifiées Calendrier des réunions du groupe de soutien à la parentalité Mardi 21 janvier 2014 &#8211; 18:00 &#8211; Salle de réunion IME Mardi 18 février 2014 &#8211; 18:00 &#8211; Salle de réunion IME &hellip; <a href="https://blog.fondation-ove.fr/thonon/sessad-clos-poisat/usagers-parents/">Continuer la lecture <span class="meta-nav">&rarr;</span></a></p>
