{"id":110,"date":"2023-11-14T12:00:00","date_gmt":"2023-11-14T11:00:00","guid":{"rendered":"https:\/\/imetaron.wordpress.com\/?page_id=93"},"modified":"2023-11-14T10:23:37","modified_gmt":"2023-11-14T09:23:37","slug":"ateliers","status":"publish","type":"page","link":"https:\/\/blog.fondation-ove.fr\/taron\/ateliers\/","title":{"rendered":"Ateliers"},"content":{"rendered":"\n<p class=\"has-text-align-center\">Lors des activit\u00e9s, les \u00e9l\u00e8ves sont r\u00e9partis dans les diff\u00e9rents ateliers. Ils commencent par tous les d\u00e9couvrir puis choisissent de se sp\u00e9cifier sur un seul d&#8217;entre eux. <\/p>\n\n\n\n<div style=\"height:32px\" aria-hidden=\"true\" class=\"wp-block-spacer desktop-only\"><\/div>\n\n\n\n<div class=\"wp-block-columns alignwide has-3-columns is-layout-flex wp-container-core-columns-is-layout-1 wp-block-columns-is-layout-flex\">\n<div class=\"wp-block-column is-vertically-aligned-center is-layout-flow wp-block-column-is-layout-flow\">\n<div class=\"wp-block-image is-style-rounded\"><figure class=\"aligncenter size-large is-resized\"><img decoding=\"async\" src=\"https:\/\/imetaron.files.wordpress.com\/2020\/09\/323-bois-resine-veine-de-bois-resine-de-bois-noeud-en-bois-wood-marron-nature-texture-matiere-dsc_4945r-br-c-copie.jpg?w=1024\" alt=\"\" class=\"wp-image-101\" width=\"178\" height=\"144\" \/><\/figure><\/div>\n\n\n\n<h2 class=\"has-text-align-center wp-block-heading\" style=\"font-size:31px\">Bois \/ Menuiserie<\/h2>\n\n\n\n<p class=\"has-small-font-size\">Br\u00e8ve description de votre entreprise et des services que vous proposez.<\/p>\n<\/div>\n\n\n\n<div class=\"wp-block-column is-vertically-aligned-center is-layout-flow wp-block-column-is-layout-flow\">\n<div class=\"wp-block-image\"><figure class=\"aligncenter size-large is-resized\"><img decoding=\"async\" src=\"https:\/\/imetaron.files.wordpress.com\/2020\/09\/b60553f5213023d120c4360d26532601-1.png\" alt=\"\" class=\"wp-image-102\" width=\"182\" height=\"157\" \/><\/figure><\/div>\n\n\n\n<h2 class=\"has-text-align-center wp-block-heading\" style=\"font-size:31px\">Conditionnement<\/h2>\n\n\n\n<p class=\"has-small-font-size\">Br\u00e8ve description de votre entreprise et des services que vous proposez.<\/p>\n<\/div>\n<\/div>\n\n\n\n<div class=\"wp-block-columns alignwide has-3-columns is-layout-flex wp-container-core-columns-is-layout-2 wp-block-columns-is-layout-flex\">\n<div class=\"wp-block-column is-layout-flow wp-block-column-is-layout-flow\">\n<div class=\"wp-block-image\"><figure class=\"aligncenter size-large is-resized\"><img fetchpriority=\"high\" decoding=\"async\" src=\"https:\/\/imetaron.files.wordpress.com\/2020\/09\/espaces-verts.png?w=244\" alt=\"\" class=\"wp-image-103\" width=\"221\" height=\"238\" \/><\/figure><\/div>\n\n\n\n<h2 class=\"has-text-align-center wp-block-heading\" style=\"font-size:31px\">Horticulture<\/h2>\n\n\n\n<p class=\"has-small-font-size\">Br\u00e8ve description de votre entreprise et des services que vous proposez.<\/p>\n<\/div>\n\n\n\n<div class=\"wp-block-column is-layout-flow wp-block-column-is-layout-flow\">\n<figure class=\"wp-block-image size-large is-resized is-style-rounded\"><img loading=\"lazy\" decoding=\"async\" src=\"https:\/\/imetaron.files.wordpress.com\/2020\/09\/arton1145.jpg?w=800\" alt=\"\" class=\"wp-image-116\" width=\"362\" height=\"244\" \/><\/figure>\n\n\n\n<h2 class=\"has-text-align-center wp-block-heading\" style=\"font-size:31px\">Agent Polyvalent de restauration<\/h2>\n\n\n\n<p class=\"has-small-font-size\">Br\u00e8ve description de votre entreprise et des services que vous proposez.<\/p>\n<\/div>\n<\/div>\n\n\n\n<div class=\"wp-block-columns alignwide has-3-columns is-layout-flex wp-container-core-columns-is-layout-3 wp-block-columns-is-layout-flex\">\n<div class=\"wp-block-column is-vertically-aligned-center is-layout-flow wp-block-column-is-layout-flow\"><\/div>\n\n\n\n<div class=\"wp-block-column is-vertically-aligned-center is-layout-flow wp-block-column-is-layout-flow\">\n<div class=\"wp-block-image\"><figure class=\"aligncenter size-large is-resized\"><img loading=\"lazy\" decoding=\"async\" src=\"https:\/\/imetaron.files.wordpress.com\/2020\/09\/visuels-home.jpg?w=366\" alt=\"\" class=\"wp-image-118\" width=\"276\" height=\"262\" \/><\/figure><\/div>\n\n\n\n<h2 class=\"has-text-align-center wp-block-heading\" style=\"font-size:31px\">Lingerie &amp; MHL (Maintient et hygi\u00e8ne des locaux)<\/h2>\n\n\n\n<p class=\"has-small-font-size\">Br\u00e8ve description de votre entreprise et des services que vous proposez.<\/p>\n<\/div>\n<\/div>\n\n\n\n<div style=\"height:32px\" aria-hidden=\"true\" class=\"wp-block-spacer desktop-only\"><\/div>\n\n\n\n<hr class=\"wp-block-separator is-style-wide\" \/>\n\n\n\n<div style=\"height:32px\" aria-hidden=\"true\" class=\"wp-block-spacer desktop-only\"><\/div>\n\n\n\n<div style=\"height:32px\" aria-hidden=\"true\" class=\"wp-block-spacer desktop-only\"><\/div>\n\n\n\n<hr class=\"wp-block-separator is-style-wide\" \/>\n","protected":false},"excerpt":{"rendered":"<p>Lors des activit\u00e9s, les \u00e9l\u00e8ves sont r\u00e9partis dans les diff\u00e9rents ateliers. Ils commencent par tous les d\u00e9couvrir puis choisissent de se sp\u00e9cifier sur un seul d&#8217;entre eux. Bois \/ Menuiserie Br\u00e8ve description de votre entreprise et des services que vous proposez. Conditionnement Br\u00e8ve description de votre entreprise et des services que vous proposez. Horticulture Br\u00e8ve description de votre entreprise et des services que vous proposez. Agent Polyvalent de restauration Br\u00e8ve description de votre entreprise et des services que vous proposez&#8230;.<\/p>\n<p class=\"read-more\"><a class=\"btn btn-default\" href=\"https:\/\/blog.fondation-ove.fr\/taron\/ateliers\/\">Lire la suite<span class=\"screen-reader-text\"> Lire la suite<\/span><\/a><\/p>\n","protected":false},"author":515,"featured_media":0,"parent":0,"menu_order":2,"comment_status":"closed","ping_status":"closed","template":"","meta":{"ngg_post_thumbnail":0,"footnotes":""},"class_list":["post-110","page","type-page","status-publish","hentry"],"_links":{"self":[{"href":"https:\/\/blog.fondation-ove.fr\/taron\/wp-json\/wp\/v2\/pages\/110","targetHints":{"allow":["GET"]}}],"collection":[{"href":"https:\/\/blog.fondation-ove.fr\/taron\/wp-json\/wp\/v2\/pages"}],"about":[{"href":"https:\/\/blog.fondation-ove.fr\/taron\/wp-json\/wp\/v2\/types\/page"}],"author":[{"embeddable":true,"href":"https:\/\/blog.fondation-ove.fr\/taron\/wp-json\/wp\/v2\/users\/515"}],"replies":[{"embeddable":true,"href":"https:\/\/blog.fondation-ove.fr\/taron\/wp-json\/wp\/v2\/comments?post=110"}],"version-history":[{"count":1,"href":"https:\/\/blog.fondation-ove.fr\/taron\/wp-json\/wp\/v2\/pages\/110\/revisions"}],"predecessor-version":[{"id":136,"href":"https:\/\/blog.fondation-ove.fr\/taron\/wp-json\/wp\/v2\/pages\/110\/revisions\/136"}],"wp:attachment":[{"href":"https:\/\/blog.fondation-ove.fr\/taron\/wp-json\/wp\/v2\/media?parent=110"}],"curies":[{"name":"wp","href":"https:\/\/api.w.org\/{rel}","templated":true}]}}