{"id":106,"date":"2020-09-16T14:00:49","date_gmt":"2020-09-16T12:00:49","guid":{"rendered":"https:\/\/imetaron.wordpress.com\/?page_id=48"},"modified":"2023-12-04T09:50:03","modified_gmt":"2023-12-04T08:50:03","slug":"presentation","status":"publish","type":"page","link":"https:\/\/blog.fondation-ove.fr\/taron\/presentation\/","title":{"rendered":"Pr\u00e9sentation"},"content":{"rendered":"<figure>\n\t\t\t\t\t\t\t\t\t\t\t<a href=\"https:\/\/blog.fondation-ove.fr\/taron\/etablissement\/\" target=\"_blank\" rel=\"noopener noreferrer\"><br \/>\n\t\t\t\t\t\t\t<img loading=\"lazy\" decoding=\"async\" width=\"275\" height=\"154\" src=\"http:\/\/blog.fondation-ove.fr\/taron\/wp-content\/uploads\/sites\/73\/2020\/10\/42_renaison_taron-edited.jpg\" alt=\"\" loading=\"lazy\" \/>\t\t\t\t\t\t\t\t<\/a><figcaption>Pr\u00e9sentation de l&#8217;\u00e9tablissement<\/figcaption><\/figure>\n<figure>\n\t\t\t\t\t\t\t\t\t\t\t<a href=\"https:\/\/blog.fondation-ove.fr\/taron\/professionnels\/\" target=\"_blank\" rel=\"noopener noreferrer\"><br \/>\n\t\t\t\t\t\t\t<img loading=\"lazy\" decoding=\"async\" width=\"250\" height=\"141\" src=\"http:\/\/blog.fondation-ove.fr\/taron\/wp-content\/uploads\/sites\/73\/2020\/11\/personnel-1-250x141.jpg\" alt=\"\" loading=\"lazy\" \/>\t\t\t\t\t\t\t\t<\/a><figcaption>Personnel de l&#8217;\u00e9tablissement<\/figcaption><\/figure>\n<figure>\n\t\t\t\t\t\t\t\t\t\t\t<a href=\"https:\/\/blog.fondation-ove.fr\/taron\/arsa\/\" target=\"_blank\" rel=\"noopener noreferrer\"><br \/>\n\t\t\t\t\t\t\t<img loading=\"lazy\" decoding=\"async\" width=\"179\" height=\"172\" src=\"http:\/\/blog.fondation-ove.fr\/taron\/wp-content\/uploads\/sites\/73\/2020\/10\/csm_csm_Eve-gentleman-ARSA_f78e92107e_1ffe01c1b0.png\" alt=\"\" loading=\"lazy\" \/>\t\t\t\t\t\t\t\t<\/a><figcaption>Arsa <\/figcaption><\/figure>\n<p>\t\t\t\t\t\t\t\t\t\t\t<a href=\"https:\/\/blog.fondation-ove.fr\/taron\/ateliers\/\" target=\"_blank\" rel=\"noopener noreferrer\"><br \/>\n\t\t\t\t\t\t\t<img loading=\"lazy\" decoding=\"async\" width=\"270\" height=\"182\" src=\"http:\/\/blog.fondation-ove.fr\/taron\/wp-content\/uploads\/sites\/73\/2020\/11\/LFC_Ateliers_logo_w270.png\" alt=\"\" loading=\"lazy\" \/>\t\t\t\t\t\t\t\t<\/a><br \/>\n\t\t\t\t\t\t\t\t\t\t\t<a href=\"https:\/\/blog.fondation-ove.fr\/taron\/activites\/\" target=\"_blank\" rel=\"noopener noreferrer\"><br \/>\n\t\t\t\t\t\t\t<img loading=\"lazy\" decoding=\"async\" width=\"500\" height=\"369\" src=\"http:\/\/blog.fondation-ove.fr\/taron\/wp-content\/uploads\/sites\/73\/2020\/10\/star-activite.png\" alt=\"\" loading=\"lazy\" \/>\t\t\t\t\t\t\t\t<\/a><br \/>\n\t\t\t\t\t\t\t\t\t\t\t<a href=\"https:\/\/blog.fondation-ove.fr\/taron\/eco-ecole-2\/\" target=\"_blank\" rel=\"noopener noreferrer\"><br \/>\n\t\t\t\t\t\t\t<img loading=\"lazy\" decoding=\"async\" width=\"236\" height=\"270\" src=\"http:\/\/blog.fondation-ove.fr\/taron\/wp-content\/uploads\/sites\/73\/2020\/10\/logo_simple-e1602488260319-236x270.jpg\" alt=\"\" loading=\"lazy\" \/>\t\t\t\t\t\t\t\t<\/a><\/p>\n","protected":false},"excerpt":{"rendered":"<p>Pr\u00e9sentation de l&#8217;\u00e9tablissement Personnel de l&#8217;\u00e9tablissement Arsa<\/p>\n","protected":false},"author":515,"featured_media":0,"parent":0,"menu_order":0,"comment_status":"closed","ping_status":"closed","template":"","meta":{"ngg_post_thumbnail":0,"footnotes":""},"class_list":["post-106","page","type-page","status-publish","hentry"],"_links":{"self":[{"href":"https:\/\/blog.fondation-ove.fr\/taron\/wp-json\/wp\/v2\/pages\/106","targetHints":{"allow":["GET"]}}],"collection":[{"href":"https:\/\/blog.fondation-ove.fr\/taron\/wp-json\/wp\/v2\/pages"}],"about":[{"href":"https:\/\/blog.fondation-ove.fr\/taron\/wp-json\/wp\/v2\/types\/page"}],"author":[{"embeddable":true,"href":"https:\/\/blog.fondation-ove.fr\/taron\/wp-json\/wp\/v2\/users\/515"}],"replies":[{"embeddable":true,"href":"https:\/\/blog.fondation-ove.fr\/taron\/wp-json\/wp\/v2\/comments?post=106"}],"version-history":[{"count":29,"href":"https:\/\/blog.fondation-ove.fr\/taron\/wp-json\/wp\/v2\/pages\/106\/revisions"}],"predecessor-version":[{"id":1216,"href":"https:\/\/blog.fondation-ove.fr\/taron\/wp-json\/wp\/v2\/pages\/106\/revisions\/1216"}],"wp:attachment":[{"href":"https:\/\/blog.fondation-ove.fr\/taron\/wp-json\/wp\/v2\/media?parent=106"}],"curies":[{"name":"wp","href":"https:\/\/api.w.org\/{rel}","templated":true}]}}

Présentation

<figure>
											<a href="https://blog.fondation-ove.fr/taron/etablissement/" target="_blank" rel="noopener noreferrer"><br />
							<img loading="lazy" decoding="async" width="275" height="154" src="http://blog.fondation-ove.fr/taron/wp-content/uploads/sites/73/2020/10/42_renaison_taron-edited.jpg" alt="" loading="lazy" />								</a><figcaption>Présentation de l&#8217;établissement</figcaption></figure>
<figure>
											<a href="https://blog.fondation-ove.fr/taron/professionnels/" target="_blank" rel="noopener noreferrer"><br />
							<img loading="lazy" decoding="async" width="250" height="141" src="http://blog.fondation-ove.fr/taron/wp-content/uploads/sites/73/2020/11/personnel-1-250x141.jpg" alt="" loading="lazy" />								</a><figcaption>Personnel de l&#8217;établissement</figcaption></figure>
<figure>
											<a href="https://blog.fondation-ove.fr/taron/arsa/" target="_blank" rel="noopener noreferrer"><br />
							<img loading="lazy" decoding="async" width="179" height="172" src="http://blog.fondation-ove.fr/taron/wp-content/uploads/sites/73/2020/10/csm_csm_Eve-gentleman-ARSA_f78e92107e_1ffe01c1b0.png" alt="" loading="lazy" />								</a><figcaption>Arsa </figcaption></figure>
<p>											<a href="https://blog.fondation-ove.fr/taron/ateliers/" target="_blank" rel="noopener noreferrer"><br />
							<img loading="lazy" decoding="async" width="270" height="182" src="http://blog.fondation-ove.fr/taron/wp-content/uploads/sites/73/2020/11/LFC_Ateliers_logo_w270.png" alt="" loading="lazy" />								</a><br />
											<a href="https://blog.fondation-ove.fr/taron/activites/" target="_blank" rel="noopener noreferrer"><br />
							<img loading="lazy" decoding="async" width="500" height="369" src="http://blog.fondation-ove.fr/taron/wp-content/uploads/sites/73/2020/10/star-activite.png" alt="" loading="lazy" />								</a><br />
											<a href="https://blog.fondation-ove.fr/taron/eco-ecole-2/" target="_blank" rel="noopener noreferrer"><br />
							<img loading="lazy" decoding="async" width="236" height="270" src="http://blog.fondation-ove.fr/taron/wp-content/uploads/sites/73/2020/10/logo_simple-e1602488260319-236x270.jpg" alt="" loading="lazy" />								</a></p>

<p>Présentation de l&#8217;établissement Personnel de l&#8217;établissement Arsa</p>
