{"id":2,"date":"2025-09-08T15:24:30","date_gmt":"2025-09-08T13:24:30","guid":{"rendered":"https:\/\/blog.fondation-ove.fr\/pco-ove\/?page_id=2"},"modified":"2025-09-14T08:42:28","modified_gmt":"2025-09-14T06:42:28","slug":"page-d-exemple","status":"publish","type":"page","link":"https:\/\/blog.fondation-ove.fr\/pco-ove\/page-d-exemple\/","title":{"rendered":"MEDECINS"},"content":{"rendered":"\n<div class=\"wp-block-columns is-layout-flex wp-container-core-columns-is-layout-2 wp-block-columns-is-layout-flex\">\n<div class=\"wp-block-column is-layout-flow wp-block-column-is-layout-flow\"><\/div>\n\n\n\n<div class=\"wp-block-column is-layout-flow wp-block-column-is-layout-flow\">\n<div class=\"wp-block-columns is-layout-flex wp-container-core-columns-is-layout-1 wp-block-columns-is-layout-flex\">\n<div class=\"wp-block-column is-layout-flow wp-block-column-is-layout-flow\"><\/div>\n\n\n\n<div class=\"wp-block-column is-layout-flow wp-block-column-is-layout-flow\"><\/div>\n\n\n\n<div class=\"wp-block-column is-layout-flow wp-block-column-is-layout-flow\"><\/div>\n<\/div>\n<\/div>\n\n\n\n<div class=\"wp-block-column is-layout-flow wp-block-column-is-layout-flow\"><\/div>\n<\/div>\n\n\n\n<p>UTILASATION VIA TRAJECTOIRE<\/p>\n\n\n\n<p class=\"has-light-brown-background-color has-background\">\u00c0 partir du 1er juillet 2025, tout m\u00e9decin peut transmettre de mani\u00e8re d\u00e9mat\u00e9rialis\u00e9e les dossiers de rep\u00e9rage de troubles du neurod\u00e9veloppement (TND) chez les enfants de 0 \u00e0 11 ans via le module TND de la plateforme ViaTrajectoire.<\/p>\n\n\n\n<p>Gr\u00e2ce \u00e0 cet outil, vous avez la possibilit\u00e9 de :<\/p>\n\n\n\n<ul class=\"wp-block-list\">\n<li>&nbsp;notifier rapidement un rep\u00e9rage suspect de TND \u00e0 la Plateforme de Coordination et d\u2019Orientation (PCO) de votre territoire<\/li>\n\n\n\n<li>&nbsp;faciliter l\u2019acc\u00e8s \u00e0 une prise en charge adapt\u00e9e pour l\u2019enfant, par un professionnel comp\u00e9tent.<\/li>\n<\/ul>\n\n\n\n<p>Le GRADeS Innovation e-Sant\u00e9 Sud vous propose plusieurs ressources pour vous accompagner dans ce nouveau mode d\u2019adressage :<\/p>\n\n\n\n<ul class=\"wp-block-list\">\n<li>&nbsp;<a href=\"https:\/\/www.youtube.com\/watch?v=XWAXQqLblUY\" target=\"_blank\" rel=\"noreferrer noopener\">replay d\u2019une pr\u00e9sentation<\/a>&nbsp;r\u00e9alis\u00e9e sur le d\u00e9partement pilote<\/li>\n\n\n\n<li><a href=\"https:\/\/www.youtube.com\/watch?v=NGxFtQcNjUc\" target=\"_blank\" rel=\"noreferrer noopener\">&nbsp;vid\u00e9o tutorielle<\/a>&nbsp;pas \u00e0 pas<\/li>\n\n\n\n<li>&nbsp;<a href=\"https:\/\/tutos.iess.fr\/wp-content\/uploads\/2024\/12\/Support-de-formation-ViaTrajectoire-GA-TND-Medecins-liberaux.pptx.pdf\" target=\"_blank\" rel=\"noreferrer noopener\">documentation utilisateur \u00ab\u00a0m\u00e9decins\u00a0\u00bb<\/a><\/li>\n\n\n\n<li>&nbsp;<a href=\"https:\/\/tutos.iess.fr\/viatrajectoire\/viatrajectoire-troubles-du-neuro-developpement-faq\/\" target=\"_blank\" rel=\"noreferrer noopener\">foire aux questions<\/a>&nbsp;(FAQ).<\/li>\n<\/ul>\n\n\n\n<p>Tous ces outils sont accessibles gratuitement, sans code d\u2019acc\u00e8s, sur la&nbsp;<a href=\"https:\/\/tutos.iess.fr\/\" target=\"_blank\" rel=\"noreferrer noopener\">plateforme TutOs<\/a>.<\/p>\n\n\n\n<p>L&rsquo;acc\u00e8s \u00e0 ViaTrajectoire peut \u00e9galement s&rsquo;effectuer via votre compte AmeliPro, pour cela :<\/p>\n\n\n\n<ol class=\"wp-block-list\">\n<li>rendez-vous sur&nbsp;<a href=\"https:\/\/trajectoire.sante-ra.fr\/Trajectoire\/\" target=\"_blank\" rel=\"noreferrer noopener\">ViaTrajectoire<\/a><\/li>\n\n\n\n<li>connectez-vous avec votre carte CPS ou e-CPS.<\/li>\n<\/ol>\n\n\n\n<blockquote class=\"wp-block-quote is-layout-flow wp-block-quote-is-layout-flow\">\n<p><\/p>\n<\/blockquote>\n\n\n\n<p>En tant que nouvel utilisateur ou utilisatrice de WordPress, vous devriez vous rendre sur <a href=\"https:\/\/blog.fondation-ove.fr\/pco-ove\/wp-admin\/\">votre tableau de bord<\/a> pour supprimer cette page et cr\u00e9er de nouvelles pages pour votre contenu. Amusez-vous bien&nbsp;!<\/p>\n\n\n\n<div class=\"wp-block-columns is-layout-flex wp-container-core-columns-is-layout-3 wp-block-columns-is-layout-flex\">\n<div class=\"wp-block-column is-layout-flow wp-block-column-is-layout-flow\"><\/div>\n\n\n\n<div class=\"wp-block-column is-layout-flow wp-block-column-is-layout-flow\"><\/div>\n\n\n\n<div class=\"wp-block-column is-layout-flow wp-block-column-is-layout-flow\"><\/div>\n<\/div>\n\n\n\n<div class=\"wp-block-columns is-layout-flex wp-container-core-columns-is-layout-4 wp-block-columns-is-layout-flex\">\n<div class=\"wp-block-column is-layout-flow wp-block-column-is-layout-flow\"><\/div>\n\n\n\n<div class=\"wp-block-column is-layout-flow wp-block-column-is-layout-flow\"><\/div>\n\n\n\n<div class=\"wp-block-column is-layout-flow wp-block-column-is-layout-flow\"><\/div>\n<\/div>\n\n\n\n<div class=\"wp-block-columns is-layout-flex wp-container-core-columns-is-layout-5 wp-block-columns-is-layout-flex\">\n<div class=\"wp-block-column is-layout-flow wp-block-column-is-layout-flow\"><\/div>\n\n\n\n<div class=\"wp-block-column is-layout-flow wp-block-column-is-layout-flow\"><\/div>\n\n\n\n<div class=\"wp-block-column is-layout-flow wp-block-column-is-layout-flow\"><\/div>\n<\/div>\n\n\n\n<div class=\"wp-block-columns is-layout-flex wp-container-core-columns-is-layout-6 wp-block-columns-is-layout-flex\">\n<div class=\"wp-block-column is-layout-flow wp-block-column-is-layout-flow\"><\/div>\n\n\n\n<div class=\"wp-block-column is-layout-flow wp-block-column-is-layout-flow\"><\/div>\n\n\n\n<div class=\"wp-block-column is-layout-flow wp-block-column-is-layout-flow\"><\/div>\n<\/div>\n","protected":false},"excerpt":{"rendered":"<p>UTILASATION VIA TRAJECTOIRE \u00c0 partir du 1er juillet 2025, tout m\u00e9decin peut transmettre de mani\u00e8re d\u00e9mat\u00e9rialis\u00e9e les dossiers de rep\u00e9rage de troubles du neurod\u00e9veloppement (TND) chez les enfants de 0 &hellip; <a class=\"readmore\" href=\"https:\/\/blog.fondation-ove.fr\/pco-ove\/page-d-exemple\/\">Continue Reading &rarr;<\/a><\/p>\n","protected":false},"author":144,"featured_media":0,"parent":0,"menu_order":0,"comment_status":"closed","ping_status":"open","template":"","meta":{"footnotes":""},"class_list":["post-2","page","type-page","status-publish","hentry"],"_links":{"self":[{"href":"https:\/\/blog.fondation-ove.fr\/pco-ove\/wp-json\/wp\/v2\/pages\/2","targetHints":{"allow":["GET"]}}],"collection":[{"href":"https:\/\/blog.fondation-ove.fr\/pco-ove\/wp-json\/wp\/v2\/pages"}],"about":[{"href":"https:\/\/blog.fondation-ove.fr\/pco-ove\/wp-json\/wp\/v2\/types\/page"}],"author":[{"embeddable":true,"href":"https:\/\/blog.fondation-ove.fr\/pco-ove\/wp-json\/wp\/v2\/users\/144"}],"replies":[{"embeddable":true,"href":"https:\/\/blog.fondation-ove.fr\/pco-ove\/wp-json\/wp\/v2\/comments?post=2"}],"version-history":[{"count":7,"href":"https:\/\/blog.fondation-ove.fr\/pco-ove\/wp-json\/wp\/v2\/pages\/2\/revisions"}],"predecessor-version":[{"id":130,"href":"https:\/\/blog.fondation-ove.fr\/pco-ove\/wp-json\/wp\/v2\/pages\/2\/revisions\/130"}],"wp:attachment":[{"href":"https:\/\/blog.fondation-ove.fr\/pco-ove\/wp-json\/wp\/v2\/media?parent=2"}],"curies":[{"name":"wp","href":"https:\/\/api.w.org\/{rel}","templated":true}]}}