{"id":59,"date":"2019-03-21T11:47:59","date_gmt":"2019-03-21T10:47:59","guid":{"rendered":"http:\/\/blog.fondation-ove.fr\/lovefood\/?page_id=59"},"modified":"2020-01-16T07:37:39","modified_gmt":"2020-01-16T06:37:39","slug":"challenge-photos","status":"publish","type":"page","link":"https:\/\/blog.fondation-ove.fr\/lovefood\/dans-mon-assiette\/challenge-photos\/","title":{"rendered":"Concours Photos"},"content":{"rendered":"<p>Dans le cadre du lancement officiel du jeu s\u00e9rieux, l\u2019\u00e9quipe organise un grand concours photo. L\u2019\u00e9quipe gagnante (possibilit\u00e9 d\u2019inscrire plusieurs \u00e9quipes par \u00e9tablissement) se verra offrir un atelier cuisine accompagn\u00e9 d\u2019un Chef.<\/p>\n<ul>\n<li><strong>Le but&nbsp;: <\/strong><\/li>\n<\/ul>\n<p>Vous prendre en photo avec votre \u00e9quipe avec une mise en sc\u00e8ne autour d\u2019une des th\u00e9matiques du jeu&nbsp;: A la ferme, aux courses, dans la cuisine\u2026 Laissez libre cours \u00e0 votre imagination. La photo la plus originale et cr\u00e9ative sera r\u00e9compens\u00e9e.<\/p>\n<ul>\n<li><strong>Qui choisit le vainqueur&nbsp;? <\/strong><\/li>\n<\/ul>\n<p>Votre photo, sous r\u00e9serve d\u2019autorisation de droit \u00e0 l\u2019image, sera publi\u00e9e sur ce blog dans l&#8217;onglet concours photo.&nbsp; L\u2019\u00e9quipe dont la photo remporte le plus de \u00ab commentaire \u00bb sera d\u00e9sign\u00e9e vainqueur du concours.<\/p>\n<ul>\n<li><strong>O\u00f9 envoyer votre photo&nbsp;? <\/strong><\/li>\n<\/ul>\n<p>Une fois votre photo r\u00e9alis\u00e9e, envoyez-la-nous \u00e0 l\u2019adresse suivante&nbsp;: dansmonassiette@fondation-ove.fr en pr\u00e9cisant dans l\u2019objet de votre mail \u00ab&nbsp;Concours photo&nbsp;\u00bb et en nous indiquant dans le corps de mail le nom de votre \u00e9quipe et de votre \u00e9tablissement. Nous nous occuperons de la publier sur le blog, sous r\u00e9serve de droit \u00e0 l\u2019image.<\/p>\n<ul>\n<li><strong>Jusqu\u2019\u00e0 quand pouvons-nous participer&nbsp;? <\/strong><\/li>\n<\/ul>\n<p>Vous avez jusqu\u2019au 29 novembre pour nous envoyer votre photo, toutes les photos seront ensuite publi\u00e9es \u00e0 partir du 2 d\u00e9cembre et resteront en ligne jusqu\u2019au 13 janvier. Le grand gagnant vous sera r\u00e9v\u00e9l\u00e9.&nbsp;<\/p>\n<p>L\u2019\u00e9quipe \u00ab Dans mon assiette \u00bb joue le jeu et voici donc les photos du concours<\/p>\n<p><img loading=\"lazy\" decoding=\"async\" class=\"alignnone size-full wp-image-374\" src=\"http:\/\/blog.fondation-ove.fr\/lovefood\/wp-content\/uploads\/sites\/65\/2019\/12\/IMG_0019-scaled.jpg\" alt=\"\" width=\"2560\" height=\"1920\" srcset=\"https:\/\/blog.fondation-ove.fr\/lovefood\/wp-content\/uploads\/sites\/65\/2019\/12\/IMG_0019-scaled.jpg 2560w, https:\/\/blog.fondation-ove.fr\/lovefood\/wp-content\/uploads\/sites\/65\/2019\/12\/IMG_0019-768x576.jpg 768w, https:\/\/blog.fondation-ove.fr\/lovefood\/wp-content\/uploads\/sites\/65\/2019\/12\/IMG_0019-1536x1152.jpg 1536w, https:\/\/blog.fondation-ove.fr\/lovefood\/wp-content\/uploads\/sites\/65\/2019\/12\/IMG_0019-2048x1536.jpg 2048w\" sizes=\"auto, (max-width: 2560px) 100vw, 2560px\" \/> <img loading=\"lazy\" decoding=\"async\" class=\"alignnone size-full wp-image-375\" src=\"http:\/\/blog.fondation-ove.fr\/lovefood\/wp-content\/uploads\/sites\/65\/2019\/12\/IMG_20190618_131415--scaled.jpg\" alt=\"\" width=\"2560\" height=\"1437\" srcset=\"https:\/\/blog.fondation-ove.fr\/lovefood\/wp-content\/uploads\/sites\/65\/2019\/12\/IMG_20190618_131415--scaled.jpg 2560w, https:\/\/blog.fondation-ove.fr\/lovefood\/wp-content\/uploads\/sites\/65\/2019\/12\/IMG_20190618_131415--850x478.jpg 850w, https:\/\/blog.fondation-ove.fr\/lovefood\/wp-content\/uploads\/sites\/65\/2019\/12\/IMG_20190618_131415--1200x675.jpg 1200w, https:\/\/blog.fondation-ove.fr\/lovefood\/wp-content\/uploads\/sites\/65\/2019\/12\/IMG_20190618_131415--250x141.jpg 250w, https:\/\/blog.fondation-ove.fr\/lovefood\/wp-content\/uploads\/sites\/65\/2019\/12\/IMG_20190618_131415--768x431.jpg 768w, https:\/\/blog.fondation-ove.fr\/lovefood\/wp-content\/uploads\/sites\/65\/2019\/12\/IMG_20190618_131415--1536x862.jpg 1536w, https:\/\/blog.fondation-ove.fr\/lovefood\/wp-content\/uploads\/sites\/65\/2019\/12\/IMG_20190618_131415--2048x1150.jpg 2048w\" sizes=\"auto, (max-width: 2560px) 100vw, 2560px\" \/> <img loading=\"lazy\" decoding=\"async\" class=\"alignnone size-full wp-image-376\" src=\"http:\/\/blog.fondation-ove.fr\/lovefood\/wp-content\/uploads\/sites\/65\/2019\/12\/IMG_0017-scaled.jpg\" alt=\"\" width=\"2560\" height=\"1920\" srcset=\"https:\/\/blog.fondation-ove.fr\/lovefood\/wp-content\/uploads\/sites\/65\/2019\/12\/IMG_0017-scaled.jpg 2560w, https:\/\/blog.fondation-ove.fr\/lovefood\/wp-content\/uploads\/sites\/65\/2019\/12\/IMG_0017-768x576.jpg 768w, https:\/\/blog.fondation-ove.fr\/lovefood\/wp-content\/uploads\/sites\/65\/2019\/12\/IMG_0017-1536x1152.jpg 1536w, https:\/\/blog.fondation-ove.fr\/lovefood\/wp-content\/uploads\/sites\/65\/2019\/12\/IMG_0017-2048x1536.jpg 2048w\" sizes=\"auto, (max-width: 2560px) 100vw, 2560px\" \/> <img loading=\"lazy\" decoding=\"async\" class=\"alignnone size-full wp-image-377\" src=\"http:\/\/blog.fondation-ove.fr\/lovefood\/wp-content\/uploads\/sites\/65\/2019\/12\/Ca-chauffe--scaled.jpg\" alt=\"\" width=\"1920\" height=\"2560\" srcset=\"https:\/\/blog.fondation-ove.fr\/lovefood\/wp-content\/uploads\/sites\/65\/2019\/12\/Ca-chauffe--scaled.jpg 1920w, https:\/\/blog.fondation-ove.fr\/lovefood\/wp-content\/uploads\/sites\/65\/2019\/12\/Ca-chauffe--768x1024.jpg 768w, https:\/\/blog.fondation-ove.fr\/lovefood\/wp-content\/uploads\/sites\/65\/2019\/12\/Ca-chauffe--1152x1536.jpg 1152w, https:\/\/blog.fondation-ove.fr\/lovefood\/wp-content\/uploads\/sites\/65\/2019\/12\/Ca-chauffe--1536x2048.jpg 1536w\" sizes=\"auto, (max-width: 1920px) 100vw, 1920px\" \/><img loading=\"lazy\" decoding=\"async\" class=\"alignnone size-full wp-image-163\" src=\"http:\/\/blog.fondation-ove.fr\/lovefood\/wp-content\/uploads\/sites\/65\/2019\/03\/IMG_9793.jpg\" alt=\"\" width=\"6240\" height=\"4160\" srcset=\"https:\/\/blog.fondation-ove.fr\/lovefood\/wp-content\/uploads\/sites\/65\/2019\/03\/IMG_9793.jpg 6240w, https:\/\/blog.fondation-ove.fr\/lovefood\/wp-content\/uploads\/sites\/65\/2019\/03\/IMG_9793-768x512.jpg 768w\" sizes=\"auto, (max-width: 6240px) 100vw, 6240px\" \/><\/p>\n<p>A vous de jouer !<\/p>\n","protected":false},"excerpt":{"rendered":"<p>Dans le cadre du lancement officiel du jeu s\u00e9rieux, l\u2019\u00e9quipe organise un grand concours photo. L\u2019\u00e9quipe gagnante (possibilit\u00e9 d\u2019inscrire plusieurs \u00e9quipes par \u00e9tablissement) se verra offrir un atelier cuisine accompagn\u00e9 d\u2019un Chef. Le but&nbsp;: Vous prendre en photo avec votre \u00e9quipe avec une mise en sc\u00e8ne autour d\u2019une des th\u00e9matiques du jeu&nbsp;: A la ferme,&hellip; <\/p>\n<p class=\"toivo-read-more\"><a href=\"https:\/\/blog.fondation-ove.fr\/lovefood\/dans-mon-assiette\/challenge-photos\/\" class=\"more-link\">Lire la suite <span class=\"screen-reader-text\">Concours Photos<\/span><\/a><\/p>\n","protected":false},"author":463,"featured_media":0,"parent":31,"menu_order":0,"comment_status":"closed","ping_status":"closed","template":"","meta":{"_exactmetrics_skip_tracking":false,"_exactmetrics_sitenote_active":false,"_exactmetrics_sitenote_note":"","_exactmetrics_sitenote_category":0,"ngg_post_thumbnail":0,"footnotes":""},"class_list":{"0":"post-59","1":"page","2":"type-page","3":"status-publish","5":"entry"},"_links":{"self":[{"href":"https:\/\/blog.fondation-ove.fr\/lovefood\/wp-json\/wp\/v2\/pages\/59","targetHints":{"allow":["GET"]}}],"collection":[{"href":"https:\/\/blog.fondation-ove.fr\/lovefood\/wp-json\/wp\/v2\/pages"}],"about":[{"href":"https:\/\/blog.fondation-ove.fr\/lovefood\/wp-json\/wp\/v2\/types\/page"}],"author":[{"embeddable":true,"href":"https:\/\/blog.fondation-ove.fr\/lovefood\/wp-json\/wp\/v2\/users\/463"}],"replies":[{"embeddable":true,"href":"https:\/\/blog.fondation-ove.fr\/lovefood\/wp-json\/wp\/v2\/comments?post=59"}],"version-history":[{"count":10,"href":"https:\/\/blog.fondation-ove.fr\/lovefood\/wp-json\/wp\/v2\/pages\/59\/revisions"}],"predecessor-version":[{"id":393,"href":"https:\/\/blog.fondation-ove.fr\/lovefood\/wp-json\/wp\/v2\/pages\/59\/revisions\/393"}],"up":[{"embeddable":true,"href":"https:\/\/blog.fondation-ove.fr\/lovefood\/wp-json\/wp\/v2\/pages\/31"}],"wp:attachment":[{"href":"https:\/\/blog.fondation-ove.fr\/lovefood\/wp-json\/wp\/v2\/media?parent=59"}],"curies":[{"name":"wp","href":"https:\/\/api.w.org\/{rel}","templated":true}]}}