{"id":55,"date":"2019-03-21T11:47:08","date_gmt":"2019-03-21T10:47:08","guid":{"rendered":"http:\/\/blog.fondation-ove.fr\/lovefood\/?page_id=55"},"modified":"2019-08-22T18:10:52","modified_gmt":"2019-08-22T16:10:52","slug":"en-cuisine","status":"publish","type":"page","link":"https:\/\/blog.fondation-ove.fr\/lovefood\/mon-resto-responsable\/en-cuisine\/","title":{"rendered":"En Cuisine"},"content":{"rendered":"\n<p>Information au cuisiniers de Savoie : prochain caf\u00e9 d\u00e9bat Resto co le 18 octobre, bient\u00f4t plus d&#8217;information<\/p>\n","protected":false},"excerpt":{"rendered":"<p>Information au cuisiniers de Savoie : prochain caf\u00e9 d\u00e9bat Resto co le 18 octobre, bient\u00f4t plus d&#8217;information<\/p>\n","protected":false},"author":463,"featured_media":0,"parent":29,"menu_order":0,"comment_status":"closed","ping_status":"closed","template":"","meta":{"_exactmetrics_skip_tracking":false,"_exactmetrics_sitenote_active":false,"_exactmetrics_sitenote_note":"","_exactmetrics_sitenote_category":0,"ngg_post_thumbnail":0,"footnotes":""},"class_list":{"0":"post-55","1":"page","2":"type-page","3":"status-publish","5":"entry"},"_links":{"self":[{"href":"https:\/\/blog.fondation-ove.fr\/lovefood\/wp-json\/wp\/v2\/pages\/55","targetHints":{"allow":["GET"]}}],"collection":[{"href":"https:\/\/blog.fondation-ove.fr\/lovefood\/wp-json\/wp\/v2\/pages"}],"about":[{"href":"https:\/\/blog.fondation-ove.fr\/lovefood\/wp-json\/wp\/v2\/types\/page"}],"author":[{"embeddable":true,"href":"https:\/\/blog.fondation-ove.fr\/lovefood\/wp-json\/wp\/v2\/users\/463"}],"replies":[{"embeddable":true,"href":"https:\/\/blog.fondation-ove.fr\/lovefood\/wp-json\/wp\/v2\/comments?post=55"}],"version-history":[{"count":2,"href":"https:\/\/blog.fondation-ove.fr\/lovefood\/wp-json\/wp\/v2\/pages\/55\/revisions"}],"predecessor-version":[{"id":302,"href":"https:\/\/blog.fondation-ove.fr\/lovefood\/wp-json\/wp\/v2\/pages\/55\/revisions\/302"}],"up":[{"embeddable":true,"href":"https:\/\/blog.fondation-ove.fr\/lovefood\/wp-json\/wp\/v2\/pages\/29"}],"wp:attachment":[{"href":"https:\/\/blog.fondation-ove.fr\/lovefood\/wp-json\/wp\/v2\/media?parent=55"}],"curies":[{"name":"wp","href":"https:\/\/api.w.org\/{rel}","templated":true}]}}

<p>Information au cuisiniers de Savoie : prochain café débat Resto co le 18 octobre, bientôt plus d&#8217;information</p>
