{"id":43,"date":"2019-03-21T11:44:58","date_gmt":"2019-03-21T10:44:58","guid":{"rendered":"http:\/\/blog.fondation-ove.fr\/lovefood\/?page_id=43"},"modified":"2020-05-06T17:14:45","modified_gmt":"2020-05-06T15:14:45","slug":"actu-nutrition","status":"publish","type":"page","link":"https:\/\/blog.fondation-ove.fr\/lovefood\/nutrition\/actu-nutrition\/","title":{"rendered":"Actu Nutrition"},"content":{"rendered":"\n<p>Nouveau le blog Oxyg\u00e8ne pendant la crise du Covid 19<\/p>\n\n\n\n<figure class=\"wp-block-image size-large\"><a href=\"https:\/\/blog.fondation-ove.fr\/oxygene\/category\/alimentation\/\" target=\"_blank\" rel=\"noopener noreferrer\"><img decoding=\"async\" src=\"https:\/\/blog.fondation-ove.fr\/oxygene\/wp-content\/uploads\/sites\/71\/2020\/03\/cropped-Banniere-blog-oxygene_2.png\" alt=\"\" \/><\/a><\/figure>\n\n\n\n<p><a rel=\"noreferrer noopener\" href=\"https:\/\/blog.fondation-ove.fr\/oxygene\/category\/alimentation\/\" target=\"_blank\">https:\/\/blog.fondation-ove.fr\/oxygene\/category\/alimentation\/<\/a><\/p>\n\n\n\n<p><strong>En cette p\u00e9riode d\u2019\u00e9pid\u00e9mie et de confinement, la Fondation OVE lance ce blog pour partager des ressources aupr\u00e8s des personnes accompagn\u00e9es, de leurs familles et des salari\u00e9s de ses \u00e9tablissements et services.<\/strong><\/p>\n\n\n\n<p>Les charg\u00e9es de mission des P\u00f4les-ressources th\u00e9matiques de la Fondation pr\u00e9parent quotidiennement une info, un conseil, une id\u00e9e \u00e0 partager, pour comprendre la situation, prendre soin de soi et de ses proches, et continuer \u00e0 s\u2019exprimer, d\u00e9couvrir et \u00eatre en lien, m\u00eame depuis chez soi.<\/p>\n\n\n\n<p>A NOTER: si vous souhaitez avoir des compl\u00e9ments sur un des sujets \u00e9voqu\u00e9s, n\u2019h\u00e9sitez pas \u00e0 prendre contact aupr\u00e8s de la mission d\u00e9di\u00e9e. Plus d\u2019infos <a href=\"https:\/\/blog.fondation-ove.fr\/oxygene\/pour-aller-plus-loin\/\">ICI<\/a>.<\/p>\n","protected":false},"excerpt":{"rendered":"<p>Nouveau le blog Oxyg\u00e8ne pendant la crise du Covid 19 https:\/\/blog.fondation-ove.fr\/oxygene\/category\/alimentation\/ En cette p\u00e9riode d\u2019\u00e9pid\u00e9mie et de confinement, la Fondation OVE lance ce blog pour partager des ressources aupr\u00e8s des personnes accompagn\u00e9es, de leurs familles et des salari\u00e9s de ses \u00e9tablissements et services. Les charg\u00e9es de mission des P\u00f4les-ressources th\u00e9matiques de la Fondation pr\u00e9parent quotidiennement&hellip; <\/p>\n<p class=\"toivo-read-more\"><a href=\"https:\/\/blog.fondation-ove.fr\/lovefood\/nutrition\/actu-nutrition\/\" class=\"more-link\">Lire la suite <span class=\"screen-reader-text\">Actu Nutrition<\/span><\/a><\/p>\n","protected":false},"author":463,"featured_media":0,"parent":27,"menu_order":0,"comment_status":"closed","ping_status":"closed","template":"","meta":{"_exactmetrics_skip_tracking":false,"_exactmetrics_sitenote_active":false,"_exactmetrics_sitenote_note":"","_exactmetrics_sitenote_category":0,"ngg_post_thumbnail":0,"footnotes":""},"class_list":{"0":"post-43","1":"page","2":"type-page","3":"status-publish","5":"entry"},"_links":{"self":[{"href":"https:\/\/blog.fondation-ove.fr\/lovefood\/wp-json\/wp\/v2\/pages\/43","targetHints":{"allow":["GET"]}}],"collection":[{"href":"https:\/\/blog.fondation-ove.fr\/lovefood\/wp-json\/wp\/v2\/pages"}],"about":[{"href":"https:\/\/blog.fondation-ove.fr\/lovefood\/wp-json\/wp\/v2\/types\/page"}],"author":[{"embeddable":true,"href":"https:\/\/blog.fondation-ove.fr\/lovefood\/wp-json\/wp\/v2\/users\/463"}],"replies":[{"embeddable":true,"href":"https:\/\/blog.fondation-ove.fr\/lovefood\/wp-json\/wp\/v2\/comments?post=43"}],"version-history":[{"count":2,"href":"https:\/\/blog.fondation-ove.fr\/lovefood\/wp-json\/wp\/v2\/pages\/43\/revisions"}],"predecessor-version":[{"id":497,"href":"https:\/\/blog.fondation-ove.fr\/lovefood\/wp-json\/wp\/v2\/pages\/43\/revisions\/497"}],"up":[{"embeddable":true,"href":"https:\/\/blog.fondation-ove.fr\/lovefood\/wp-json\/wp\/v2\/pages\/27"}],"wp:attachment":[{"href":"https:\/\/blog.fondation-ove.fr\/lovefood\/wp-json\/wp\/v2\/media?parent=43"}],"curies":[{"name":"wp","href":"https:\/\/api.w.org\/{rel}","templated":true}]}}