{"id":800,"date":"2024-09-20T12:27:18","date_gmt":"2024-09-20T10:27:18","guid":{"rendered":"https:\/\/blog.fondation-ove.fr\/journal-le-chat-sauvage\/?page_id=800"},"modified":"2024-09-20T12:27:18","modified_gmt":"2024-09-20T10:27:18","slug":"decouvrir-le-journal","status":"publish","type":"page","link":"https:\/\/blog.fondation-ove.fr\/journal-le-chat-sauvage\/decouvrir-le-journal\/","title":{"rendered":"D\u00e9couvrir le journal"},"content":{"rendered":"\n<p>Les billets de ce blog reviennent sur les \u00e9tapes de fabrication du <em>Chat sauvage<\/em>, journal g\u00e9n\u00e9raliste de 24 pages hautes en couleur, abordant des sujets vari\u00e9s explor\u00e9s par les travailleurs et travailleuses de l&rsquo;ESAT de Faverges.<\/p>\n\n\n\n<p>Le fil conducteur ? Questionner le monde qui nous entoure et transmettre ses opinions tout en s&rsquo;initiant \u00e0 la pratique du journalisme et \u00e0 la fabrication d\u2019images (gravure, typographie, collage, dessin\u2026). <\/p>\n\n\n\n<p>N&rsquo;h\u00e9sitez pas \u00e0 le parcourir!<\/p>\n\n\n<div style=\"text-align: center; width:480px; margin: 12px auto;\"><div style=\"margin: 4px 0px;\"><a href=\"http:\/\/calameo.com\/books\/006774328e675195d3851\">View this publication on Calam&eacute;o<\/a><\/div><iframe loading=\"lazy\" src=\"\/\/v.calameo.com\/?bkcode=006774328e675195d3851&amp;language=fr&amp;page=&amp;showsharemenu=true&amp;clickTo=view&amp;clickTarget=_self&amp;clickToUrl=&amp;autoFlip=0&amp;mode=mini&amp;wmode=transparent\" width=\"480\" height=\"300\" style=\"width:480px;height:300px\" frameborder=\"0\" scrolling=\"no\" allowtransparency allowfullscreen><\/iframe><div style=\"margin: 4px 0px; font-size: 90%;\"><a rel=\"nofollow\" href=\"http:\/\/calameo.com\/upload\">Publish<\/a> at <a href=\"http:\/\/calameo.com\">Calam&eacute;o<\/a> or <a href=\"http:\/\/calameo.com\/browse\/weekly\/?o=7&amp;w=DESC\">browse<\/a> the library.<\/div><\/div>\n","protected":false},"excerpt":{"rendered":"<p>Les billets de ce blog reviennent sur les \u00e9tapes de fabrication du Chat sauvage, journal g\u00e9n\u00e9raliste de 24 pages hautes en couleur, abordant des sujets vari\u00e9s explor\u00e9s par les travailleurs et travailleuses de l&rsquo;ESAT de Faverges. Le fil conducteur ? Questionner le monde qui nous entoure et transmettre ses opinions&hellip; <\/p>\n","protected":false},"author":341,"featured_media":0,"parent":0,"menu_order":0,"comment_status":"closed","ping_status":"closed","template":"","meta":{"footnotes":""},"class_list":["post-800","page","type-page","status-publish","hentry"],"_links":{"self":[{"href":"https:\/\/blog.fondation-ove.fr\/journal-le-chat-sauvage\/wp-json\/wp\/v2\/pages\/800","targetHints":{"allow":["GET"]}}],"collection":[{"href":"https:\/\/blog.fondation-ove.fr\/journal-le-chat-sauvage\/wp-json\/wp\/v2\/pages"}],"about":[{"href":"https:\/\/blog.fondation-ove.fr\/journal-le-chat-sauvage\/wp-json\/wp\/v2\/types\/page"}],"author":[{"embeddable":true,"href":"https:\/\/blog.fondation-ove.fr\/journal-le-chat-sauvage\/wp-json\/wp\/v2\/users\/341"}],"replies":[{"embeddable":true,"href":"https:\/\/blog.fondation-ove.fr\/journal-le-chat-sauvage\/wp-json\/wp\/v2\/comments?post=800"}],"version-history":[{"count":6,"href":"https:\/\/blog.fondation-ove.fr\/journal-le-chat-sauvage\/wp-json\/wp\/v2\/pages\/800\/revisions"}],"predecessor-version":[{"id":809,"href":"https:\/\/blog.fondation-ove.fr\/journal-le-chat-sauvage\/wp-json\/wp\/v2\/pages\/800\/revisions\/809"}],"wp:attachment":[{"href":"https:\/\/blog.fondation-ove.fr\/journal-le-chat-sauvage\/wp-json\/wp\/v2\/media?parent=800"}],"curies":[{"name":"wp","href":"https:\/\/api.w.org\/{rel}","templated":true}]}}