{"id":14,"date":"2024-10-04T17:05:31","date_gmt":"2024-10-04T15:05:31","guid":{"rendered":"https:\/\/blog.fondation-ove.fr\/fpa\/?page_id=14"},"modified":"2024-10-04T17:43:08","modified_gmt":"2024-10-04T15:43:08","slug":"referentiels","status":"publish","type":"page","link":"https:\/\/blog.fondation-ove.fr\/fpa\/referentiels\/","title":{"rendered":"R\u00e9f\u00e9rentiels"},"content":{"rendered":"\n<p>Vous trouverez sur le site <a href=\"https:\/\/www.banque.di.afpa.fr\/EspaceEmployeursCandidatsActeurs\/EGPRecherche.aspx\" target=\"_blank\" rel=\"noreferrer noopener\">banque.di.afpa.fr<\/a> l&rsquo;ensemble des\u00a0<strong>R\u00e9f\u00e9rentiels Emploi Activit\u00e9s Comp\u00e9tences (REAC)<\/strong>\u00a0et\u00a0<strong>R\u00e9f\u00e9rentiels de Certification (RC)<\/strong>\u00a0des titres professionnels du Minist\u00e8re charg\u00e9 de l&rsquo;Emploi ayant fait l&rsquo;objet d&rsquo;un arr\u00eat\u00e9 au Journal Officiel.<\/p>\n\n\n\n<p>A vous de rechercher votre REAC et RC et de le publier sur le blog !<\/p>\n\n\n\n<p><\/p>\n","protected":false},"excerpt":{"rendered":"<p>Vous trouverez sur le site banque.di.afpa.fr l&rsquo;ensemble des\u00a0R\u00e9f\u00e9rentiels Emploi Activit\u00e9s Comp\u00e9tences (REAC)\u00a0et\u00a0R\u00e9f\u00e9rentiels de Certification (RC)\u00a0des titres professionnels du Minist\u00e8re charg\u00e9 de l&rsquo;Emploi ayant fait l&rsquo;objet d&rsquo;un arr\u00eat\u00e9 au Journal Officiel. A vous de rechercher votre REAC et RC et de le publier sur le blog !<\/p>\n","protected":false},"author":729,"featured_media":0,"parent":0,"menu_order":0,"comment_status":"closed","ping_status":"closed","template":"","meta":{"footnotes":""},"class_list":["post-14","page","type-page","status-publish","hentry"],"_links":{"self":[{"href":"https:\/\/blog.fondation-ove.fr\/fpa\/wp-json\/wp\/v2\/pages\/14","targetHints":{"allow":["GET"]}}],"collection":[{"href":"https:\/\/blog.fondation-ove.fr\/fpa\/wp-json\/wp\/v2\/pages"}],"about":[{"href":"https:\/\/blog.fondation-ove.fr\/fpa\/wp-json\/wp\/v2\/types\/page"}],"author":[{"embeddable":true,"href":"https:\/\/blog.fondation-ove.fr\/fpa\/wp-json\/wp\/v2\/users\/729"}],"replies":[{"embeddable":true,"href":"https:\/\/blog.fondation-ove.fr\/fpa\/wp-json\/wp\/v2\/comments?post=14"}],"version-history":[{"count":2,"href":"https:\/\/blog.fondation-ove.fr\/fpa\/wp-json\/wp\/v2\/pages\/14\/revisions"}],"predecessor-version":[{"id":26,"href":"https:\/\/blog.fondation-ove.fr\/fpa\/wp-json\/wp\/v2\/pages\/14\/revisions\/26"}],"wp:attachment":[{"href":"https:\/\/blog.fondation-ove.fr\/fpa\/wp-json\/wp\/v2\/media?parent=14"}],"curies":[{"name":"wp","href":"https:\/\/api.w.org\/{rel}","templated":true}]}}

Référentiels

<p>Vous trouverez sur le site <a href="https://www.banque.di.afpa.fr/EspaceEmployeursCandidatsActeurs/EGPRecherche.aspx" target="_blank" rel="noreferrer noopener">banque.di.afpa.fr</a> l&rsquo;ensemble des <strong>Référentiels Emploi Activités Compétences (REAC)</strong> et <strong>Référentiels de Certification (RC)</strong> des titres professionnels du Ministère chargé de l&rsquo;Emploi ayant fait l&rsquo;objet d&rsquo;un arrêté au Journal Officiel.</p>



<p>A vous de rechercher votre REAC et RC et de le publier sur le blog !</p>



<p></p>

<p>Vous trouverez sur le site banque.di.afpa.fr l&rsquo;ensemble des Référentiels Emploi Activités Compétences (REAC) et Référentiels de Certification (RC) des titres professionnels du Ministère chargé de l&rsquo;Emploi ayant fait l&rsquo;objet d&rsquo;un arrêté au Journal Officiel. A vous de rechercher votre REAC et RC et de le publier sur le blog !</p>
