{"id":984,"date":"2020-09-22T10:23:27","date_gmt":"2020-09-22T08:23:27","guid":{"rendered":"http:\/\/blog.fondation-ove.fr\/ditep63-demo\/?page_id=984"},"modified":"2021-10-06T10:53:54","modified_gmt":"2021-10-06T08:53:54","slug":"le-comite-de-redaction","status":"publish","type":"page","link":"https:\/\/blog.fondation-ove.fr\/ditep63-demo\/le-comite-de-redaction\/","title":{"rendered":"Le comit\u00e9 de r\u00e9daction"},"content":{"rendered":"\n<p>Le comit\u00e9 de r\u00e9daction se r\u00e9uni 1 fois par p\u00e9riode scolaire pour faire le point sur l\u2019actualit\u00e9 et les projets (3 \u00e0 4 fois par an).<\/p>\n\n\n\n<p>Aujourd&rsquo;hui 2 groupes de jeunes sont tr\u00e8s impliqu\u00e9s dans les propositions, la mise en forme et la publication d&rsquo;articles. Certains d&rsquo;entre eux sont impliqu\u00e9s dans le projet vid\u00e9o, m\u00ealant \u00e9criture, dessin, enregistrement de bande son et montage informatique (<a href=\"https:\/\/blog.fondation-ove.fr\/ditep63-demo\/category\/projets-des-jeunes\/les-videos-devo\/\" data-type=\"URL\" data-id=\"https:\/\/blog.fondation-ove.fr\/ditep63-demo\/category\/projets-des-jeunes\/les-videos-devo\/\">voir dans les vid\u00e9os d&rsquo;EVO<\/a>).<\/p>\n\n\n\n<p>Pour les accompagn\u00e9s plusieurs professionnels \u00e9galement sont \u00e0 l\u2019\u0153uvre : enseignants sp\u00e9cialis\u00e9s, \u00e9ducateurs techniques, maitresses de maison &#8230;<\/p>\n\n\n\n<p>N&rsquo;h\u00e9sitez pas \u00e0 les contacter pour des id\u00e9es, des informations par mail : <a href=\"mailto:lesptitsredacteurs@gmail.com\">lesptitsredacteurs@gmail.com<\/a><\/p>\n","protected":false},"excerpt":{"rendered":"<p>Le comit\u00e9 de r\u00e9daction se r\u00e9uni 1 fois par p\u00e9riode scolaire pour faire le point sur l\u2019actualit\u00e9 et les projets (3 \u00e0 4 fois par an). Aujourd&rsquo;hui 2 groupes de jeunes sont tr\u00e8s impliqu\u00e9s dans les propositions, la mise en forme et la publication d&rsquo;articles. Certains d&rsquo;entre eux sont impliqu\u00e9s dans le projet vid\u00e9o, m\u00ealant&hellip; <\/p>\n<p class=\"toivo-read-more\"><a href=\"https:\/\/blog.fondation-ove.fr\/ditep63-demo\/le-comite-de-redaction\/\" class=\"more-link\">Lire la suite <span class=\"screen-reader-text\">Le comit\u00e9 de r\u00e9daction<\/span><\/a><\/p>\n","protected":false},"author":454,"featured_media":0,"parent":0,"menu_order":0,"comment_status":"closed","ping_status":"closed","template":"","meta":{"ngg_post_thumbnail":0,"footnotes":""},"class_list":{"0":"post-984","1":"page","2":"type-page","3":"status-publish","5":"entry"},"_links":{"self":[{"href":"https:\/\/blog.fondation-ove.fr\/ditep63-demo\/wp-json\/wp\/v2\/pages\/984","targetHints":{"allow":["GET"]}}],"collection":[{"href":"https:\/\/blog.fondation-ove.fr\/ditep63-demo\/wp-json\/wp\/v2\/pages"}],"about":[{"href":"https:\/\/blog.fondation-ove.fr\/ditep63-demo\/wp-json\/wp\/v2\/types\/page"}],"author":[{"embeddable":true,"href":"https:\/\/blog.fondation-ove.fr\/ditep63-demo\/wp-json\/wp\/v2\/users\/454"}],"replies":[{"embeddable":true,"href":"https:\/\/blog.fondation-ove.fr\/ditep63-demo\/wp-json\/wp\/v2\/comments?post=984"}],"version-history":[{"count":8,"href":"https:\/\/blog.fondation-ove.fr\/ditep63-demo\/wp-json\/wp\/v2\/pages\/984\/revisions"}],"predecessor-version":[{"id":1680,"href":"https:\/\/blog.fondation-ove.fr\/ditep63-demo\/wp-json\/wp\/v2\/pages\/984\/revisions\/1680"}],"wp:attachment":[{"href":"https:\/\/blog.fondation-ove.fr\/ditep63-demo\/wp-json\/wp\/v2\/media?parent=984"}],"curies":[{"name":"wp","href":"https:\/\/api.w.org\/{rel}","templated":true}]}}