{"id":122,"date":"2018-12-18T21:59:04","date_gmt":"2018-12-18T20:59:04","guid":{"rendered":"http:\/\/blog.fondation-ove.fr\/ditep63-demo\/?page_id=122"},"modified":"2022-05-18T10:17:53","modified_gmt":"2022-05-18T08:17:53","slug":"lavieduditepcvs","status":"publish","type":"page","link":"https:\/\/blog.fondation-ove.fr\/ditep63-demo\/lavieduditepcvs\/","title":{"rendered":"La vie du DITEP"},"content":{"rendered":"\n<p><a href=\"https:\/\/blog.fondation-ove.fr\/ditep63-demo\/2022\/05\/18\/axel-interviewe-johnson-sur-le-cvs\/\">T\u00e9moignage d&rsquo;un ancien jeune \u00e9lu<\/a><\/p>\n\n\n\n<p>Pour candidater, cliquer sur le lien ci-dessous :<\/p>\n\n\n\n<p><a href=\"https:\/\/blog.fondation-ove.fr\/ditep63-demo\/category\/evenements\/evenements-a-venir\/\">https:\/\/blog.fondation-ove.fr\/ditep63-demo\/category\/evenements\/evenements-a-venir\/<\/a><\/p>\n\n\n\n<p class=\"has-text-align-center\">Retrouver ci dessous le retours des enqu\u00eates de satisfaction du DITEP (ITEP et SESSAD)<\/p>\n\n\n\n<p class=\"wp-block-pdfemb-pdf-embedder-viewer\"><\/p>\n\n\n\n<p class=\"wp-block-pdfemb-pdf-embedder-viewer\"><\/p>\n\n\n<p>Vous pouvez aussi consulter les comptes rendus des r\u00e9unions du <strong>C<\/strong>onseil \u00e0 la <strong>V<\/strong>ie <strong>S<\/strong>ocial de l&rsquo;ITEP et les enqu\u00eates de satisfaction du DITEP :<\/p>\n\n\n<div class=\"wp-block-file\"><a id=\"wp-block-file--media-7ffc0631-3dce-4243-9635-0824cb802447\" href=\"https:\/\/blog.fondation-ove.fr\/ditep63-demo\/wp-content\/uploads\/sites\/86\/2020\/03\/2019-12-11-Rendu-Conclusions-CVS.pdf\">2019-12-11-Rendu-Conclusions-CVS<\/a><a href=\"https:\/\/blog.fondation-ove.fr\/ditep63-demo\/wp-content\/uploads\/sites\/86\/2020\/03\/2019-12-11-Rendu-Conclusions-CVS.pdf\" class=\"wp-block-file__button\" download aria-describedby=\"wp-block-file--media-7ffc0631-3dce-4243-9635-0824cb802447\">T\u00e9l\u00e9charger<\/a><\/div>\n\n\n\n<div class=\"wp-block-file\"><a id=\"wp-block-file--media-8b3bd327-ee48-4bd0-a7a8-2153c0971f9b\" href=\"https:\/\/blog.fondation-ove.fr\/ditep63-demo\/wp-content\/uploads\/sites\/86\/2020\/03\/2019-07-05-Rendu-Conclusions-CVS.pdf\">2019-07-05-Rendu-Conclusions-CVS<\/a><a href=\"https:\/\/blog.fondation-ove.fr\/ditep63-demo\/wp-content\/uploads\/sites\/86\/2020\/03\/2019-07-05-Rendu-Conclusions-CVS.pdf\" class=\"wp-block-file__button\" download aria-describedby=\"wp-block-file--media-8b3bd327-ee48-4bd0-a7a8-2153c0971f9b\">T\u00e9l\u00e9charger<\/a><\/div>\n\n\n\n<div class=\"wp-block-file\"><a id=\"wp-block-file--media-8a1aa1a1-bf22-4b75-8c40-cbb71c7817f9\" href=\"https:\/\/blog.fondation-ove.fr\/ditep63-demo\/wp-content\/uploads\/sites\/86\/2020\/03\/2019-04-05-Rendu-Conclusions-CVS.pdf\">2019-04-05-Rendu-Conclusions-CVS<\/a><a href=\"https:\/\/blog.fondation-ove.fr\/ditep63-demo\/wp-content\/uploads\/sites\/86\/2020\/03\/2019-04-05-Rendu-Conclusions-CVS.pdf\" class=\"wp-block-file__button\" download aria-describedby=\"wp-block-file--media-8a1aa1a1-bf22-4b75-8c40-cbb71c7817f9\">T\u00e9l\u00e9charger<\/a><\/div>\n\n\n\n<div class=\"wp-block-file\"><a id=\"wp-block-file--media-a9571583-3434-4625-bc44-fd61d7192395\" href=\"https:\/\/blog.fondation-ove.fr\/ditep63-demo\/wp-content\/uploads\/sites\/86\/2020\/03\/2018-12-17-Rendu-Conclusions-CVS.pdf\">2018-12-17-Rendu-Conclusions-CVS<\/a><a href=\"https:\/\/blog.fondation-ove.fr\/ditep63-demo\/wp-content\/uploads\/sites\/86\/2020\/03\/2018-12-17-Rendu-Conclusions-CVS.pdf\" class=\"wp-block-file__button\" download aria-describedby=\"wp-block-file--media-a9571583-3434-4625-bc44-fd61d7192395\">T\u00e9l\u00e9charger<\/a><\/div>\n\n\n\n<div class=\"wp-block-file\"><a id=\"wp-block-file--media-3c736224-bb82-4961-bea2-337bf3b9cc30\" href=\"https:\/\/blog.fondation-ove.fr\/ditep63-demo\/wp-content\/uploads\/sites\/86\/2021\/01\/SESSAD-Retour-Enquete-satisfaction-2020.pdf\">SESSAD-Retour-Enquete-satisfaction-2020<\/a><a href=\"https:\/\/blog.fondation-ove.fr\/ditep63-demo\/wp-content\/uploads\/sites\/86\/2021\/01\/SESSAD-Retour-Enquete-satisfaction-2020.pdf\" class=\"wp-block-file__button\" download aria-describedby=\"wp-block-file--media-3c736224-bb82-4961-bea2-337bf3b9cc30\"><\/a><\/div>\n\n\n\n<div class=\"wp-block-file\"><a id=\"wp-block-file--media-99ed6c3e-bd6c-44a4-a5d3-674ae904ca8e\" href=\"https:\/\/blog.fondation-ove.fr\/ditep63-demo\/wp-content\/uploads\/sites\/86\/2021\/01\/ITEP-Retour-Enquete-satisfaction-2020.pdf\">ITEP-Retour-Enquete-satisfaction-2020<\/a><a href=\"https:\/\/blog.fondation-ove.fr\/ditep63-demo\/wp-content\/uploads\/sites\/86\/2021\/01\/ITEP-Retour-Enquete-satisfaction-2020.pdf\" class=\"wp-block-file__button\" download aria-describedby=\"wp-block-file--media-99ed6c3e-bd6c-44a4-a5d3-674ae904ca8e\">T\u00e9l\u00e9charger<\/a><\/div>\n\n\n\n<p><\/p>\n","protected":false},"excerpt":{"rendered":"<p>T\u00e9moignage d&rsquo;un ancien jeune \u00e9lu Pour candidater, cliquer sur le lien ci-dessous : https:\/\/blog.fondation-ove.fr\/ditep63-demo\/category\/evenements\/evenements-a-venir\/ Retrouver ci dessous le retours des enqu\u00eates de satisfaction du DITEP (ITEP et SESSAD) Vous pouvez aussi consulter les comptes rendus des r\u00e9unions du Conseil \u00e0 la Vie Social de l&rsquo;ITEP et les enqu\u00eates de satisfaction du DITEP :<\/p>\n","protected":false},"author":454,"featured_media":0,"parent":0,"menu_order":0,"comment_status":"closed","ping_status":"closed","template":"","meta":{"ngg_post_thumbnail":0,"footnotes":""},"class_list":{"0":"post-122","1":"page","2":"type-page","3":"status-publish","5":"entry"},"_links":{"self":[{"href":"https:\/\/blog.fondation-ove.fr\/ditep63-demo\/wp-json\/wp\/v2\/pages\/122","targetHints":{"allow":["GET"]}}],"collection":[{"href":"https:\/\/blog.fondation-ove.fr\/ditep63-demo\/wp-json\/wp\/v2\/pages"}],"about":[{"href":"https:\/\/blog.fondation-ove.fr\/ditep63-demo\/wp-json\/wp\/v2\/types\/page"}],"author":[{"embeddable":true,"href":"https:\/\/blog.fondation-ove.fr\/ditep63-demo\/wp-json\/wp\/v2\/users\/454"}],"replies":[{"embeddable":true,"href":"https:\/\/blog.fondation-ove.fr\/ditep63-demo\/wp-json\/wp\/v2\/comments?post=122"}],"version-history":[{"count":18,"href":"https:\/\/blog.fondation-ove.fr\/ditep63-demo\/wp-json\/wp\/v2\/pages\/122\/revisions"}],"predecessor-version":[{"id":2211,"href":"https:\/\/blog.fondation-ove.fr\/ditep63-demo\/wp-json\/wp\/v2\/pages\/122\/revisions\/2211"}],"wp:attachment":[{"href":"https:\/\/blog.fondation-ove.fr\/ditep63-demo\/wp-json\/wp\/v2\/media?parent=122"}],"curies":[{"name":"wp","href":"https:\/\/api.w.org\/{rel}","templated":true}]}}