{"id":395,"date":"2014-10-03T11:03:10","date_gmt":"2014-10-03T10:03:10","guid":{"rendered":"http:\/\/blog.fondation-ove.fr\/delta01\/?page_id=395"},"modified":"2021-06-21T15:21:44","modified_gmt":"2021-06-21T14:21:44","slug":"questions-administratives","status":"publish","type":"page","link":"https:\/\/blog.fondation-ove.fr\/delta01\/espace-famille\/questions-administratives\/","title":{"rendered":"Questions administratives"},"content":{"rendered":"<h2><\/h2>\n<p>&nbsp;<\/p>\n<h2><span style=\"color: #99cc00\">Quels sont les documents administratifs que je dois fournir lors de l&rsquo;admission?<\/span><\/h2>\n<p><span style=\"color: #000000\">\u2022 Justificatif d&rsquo;ouverture des Droits S\u00e9curit\u00e9 Sociale (Photocopie de l&rsquo;attestation Carte Vitale)<\/span><\/p>\n<p><span style=\"color: #000000\">\u2022 Livret de famille (photocopie)<\/span><\/p>\n<p><span style=\"color: #000000\">\u2022 Fiche administrative OVE renseign\u00e9e<\/span><\/p>\n<p><span style=\"color: #000000\">\u2022 Deux photos d&rsquo;identit\u00e9<\/span><\/p>\n<p><span style=\"color: #000000\">\u2022 Photocopie de l&rsquo;attestation de mutuelle compl\u00e9mentaire<\/span><\/p>\n<p><span style=\"color: #000000\">\u2022 Attestation d&rsquo;assurance en responsabilit\u00e9 civile<\/span><\/p>\n<p><span style=\"color: #000000\">\u2022 Si n\u00e9cessaire :<\/span><\/p>\n<p><span style=\"color: #000000\">&#8211; l&rsquo;ordonnance du placement,<\/span><\/p>\n<p><span style=\"color: #000000\">&#8211; Tout document pr\u00e9cisant l&rsquo;exercice des droits parentaux<\/span><\/p>\n<p><span style=\"color: #000000\">Si les droits S\u00e9curit\u00e9 Sociale ne sont pas ouverts, les parents peuvent effectuer les d\u00e9marches aupr\u00e8s du CCAS (Centre Communal d&rsquo;Action Sociale) de la Mairie de leur domicile ou aupr\u00e8s des Services Sociaux du Conseil G\u00e9n\u00e9ral pour l&rsquo;admission \u00e0 l&rsquo;aide m\u00e9dicale (cotisation assurance personnelle), aupr\u00e8s de la CPAM (Caisse Primaire d&rsquo;Assurance Maladie) sont ils rel\u00e8vent pour l&rsquo;obtention de la CMU (Couverture Maladie Universelle).<\/span><\/p>\n<p><span style=\"color: #000000\">Le service social demandera la prise en charge \u00e0 l&rsquo;organisme payeur \u00e0 l&rsquo;aide de l&rsquo;imprim\u00e9 correspondant :<\/span><\/p>\n<p><span style=\"color: #000000\">&nbsp;&#8211; Si l&rsquo;enfant rel\u00e8ve de la S\u00e9curit\u00e9 Sociale : \u00e0 la Caisse d&rsquo;Assurance Maladie,<\/span><\/p>\n<p><span style=\"color: #000000\">&#8211; Si l&rsquo;enfant rel\u00e8ve de l&rsquo;aide sociale \u00e0 l&rsquo;enfance : aux services du Conseil G\u00e9n\u00e9ral.<\/span><\/p>\n<p><span style=\"color: #000000\">&nbsp;<\/span><\/p>\n<h2><span style=\"color: #99cc00\">Quelle est la porte d&rsquo;entr\u00e9e pour acc\u00e9der \u00e0 DELTA 01 ?<br \/>\n<\/span><\/h2>\n<p>C&rsquo;est la CDAPH (Commission des Droits et de l&rsquo;Autonomie des Personnes Handicap\u00e9es)&nbsp; 10 rue du Pav\u00e9 d&rsquo;Amour, 01000 BOURG EN BRESSE qui notifie l&rsquo;admission<\/p>\n<p>En cours de s\u00e9jour la CDA peut d\u00e9cider soit de la prolongation de la prise en charge soit de l&rsquo;orientation vers une autre structure. Elle notifie aussi, en fin de s\u00e9jour, la sortie du dispositif.<\/p>\n<p>Dans toutes ces situations les v\u0153ux des parents sont obligatoirement recueillis. En cas de d\u00e9saccord avec l&rsquo;avis de la CDA, ils disposent de possibilit\u00e9s de recours.<\/p>\n<p>&nbsp;<\/p>\n<h2 style=\"text-align: left\"><span style=\"color: #99cc00\">Comment se passe l&rsquo;admission?<br \/>\n<\/span><\/h2>\n<p style=\"text-align: left\"><span style=\"color: #000000\">Sur notification de la CDAPH en accord avec la famille, la directrice re\u00e7oit l&rsquo;enfant et ses parents. Un entretien est propos\u00e9 \u00e0 la famille et \u00e0 l&rsquo;enfant. Les principes de fonctionnement et les valeurs du service sont pr\u00e9sent\u00e9s : association de la famille, respect de la confidentialit\u00e9, travail en r\u00e9seau, travail pluridisciplinaire&#8230;<\/span><\/p>\n<p style=\"text-align: left\"><span style=\"color: #000000\">La proc\u00e9dure d&rsquo;admission est d\u00e9finie dans le projet d&rsquo;\u00e9tablissement. D\u00e8s l&rsquo;admission prononc\u00e9e, l&rsquo;\u00e9quipe pr\u00e9sente&nbsp; \u00e0 la famille le dispositif de fonctionnement.<\/span><\/p>\n<p style=\"text-align: left\"><span style=\"color: #000000\">Le contrat de s\u00e9jour : le document individuel de prise en charge.<\/span><\/p>\n<p style=\"text-align: left\"><span style=\"color: #000000\">Ce document d\u00e9finit les objectifs de prise en charge et liste les prestations offertes par le dispositif. Il formalise les engagements r\u00e9ciproques en ce qui concerne les usagers et leur famille, d&rsquo;une part, et en ce qui concerne le dispositif, d&rsquo;autre part.<\/span><\/p>\n<p style=\"text-align: left\"><span style=\"color: #000000\">Son but est d&rsquo;individualiser la prise en charge des personnes tout en cr\u00e9ant une relation de partenaires entre familles, usagers et dispositif.<\/span><\/p>\n<p style=\"text-align: left\"><span style=\"color: #000000\">Le contrat de s\u00e9jour a valeur contractuelle et l&rsquo;usager, son responsable l\u00e9gal et l&rsquo;\u00e9quipe pluridisciplinaire s&rsquo;engagent \u00e0 le respecter. Il est \u00e9tabli par la directrice avec l&rsquo;enfant et sa famille lors de l&rsquo;inscription, puis, il est transmis dans les quinze jours et co-sign\u00e9 dans le mois ouvr\u00e9 suivant l&rsquo;inscription. <\/span><\/p>\n<h2 style=\"text-align: left\"><span style=\"color: #99cc00\">Qu&rsquo;est ce que le projet&nbsp; personnalis\u00e9?<\/span><\/h2>\n<p style=\"text-align: left\"><span style=\"color: #000000\">Les parents sont partenaires dans l&rsquo;\u00e9laboration et la mise en \u0153uvre du projet personnalis\u00e9. Ce dernier est \u00e9labor\u00e9 en fin de bilan pour les enfants notifi\u00e9s par&nbsp; la CDAPH pour une p\u00e9riode de trois mois. Pour les autres notifications, il est \u00e9labor\u00e9 en cours d&rsquo;ann\u00e9e et fait l&rsquo;objet d&rsquo;une r\u00e9vision annuelle. Il pr\u00e9cise les objectifs prioritaires qui tiennent&nbsp; compte de l&rsquo;usager, des moyens de la structure et des possibilit\u00e9s de partenariat avec l&rsquo;ext\u00e9rieur.Tout enfant pris en charge b\u00e9n\u00e9ficie d&rsquo;un projet d\u00e9finissant des objectifs de promotion des moyens \u00e0 mettre en place, ainsi qu&rsquo;une \u00e9valuation des effets.<\/span><\/p>\n<p style=\"text-align: left\"><span style=\"color: #000000\">Ce projet fixe les objectifs vers lesquels tendent l&rsquo;ensemble des intervenants.&nbsp; La directrice est garante des d\u00e9cisions retenues donc de leur bonne application. De ce fait, elle est en contact avec les familles pour tout ce qui concerne la mise en oeuvre du projet.<\/span><\/p>\n<p>&nbsp;<\/p>\n","protected":false},"excerpt":{"rendered":"<p>&nbsp; Quels sont les documents administratifs que je dois fournir lors de l&rsquo;admission? \u2022 Justificatif d&rsquo;ouverture des Droits S\u00e9curit\u00e9 Sociale (Photocopie de l&rsquo;attestation Carte Vitale) \u2022 Livret de famille (photocopie) \u2022 Fiche administrative OVE renseign\u00e9e \u2022 Deux photos d&rsquo;identit\u00e9 \u2022 Photocopie de l&rsquo;attestation de mutuelle compl\u00e9mentaire \u2022 Attestation d&rsquo;assurance en responsabilit\u00e9 civile \u2022 Si n\u00e9cessaire&hellip; <\/p>\n<p class=\"toivo-read-more\"><a href=\"https:\/\/blog.fondation-ove.fr\/delta01\/espace-famille\/questions-administratives\/\" class=\"more-link\">Lire la suite <span class=\"screen-reader-text\">Questions administratives<\/span><\/a><\/p>\n","protected":false},"author":138,"featured_media":0,"parent":154,"menu_order":1,"comment_status":"closed","ping_status":"open","template":"","meta":{"footnotes":""},"class_list":{"0":"post-395","1":"page","2":"type-page","3":"status-publish","5":"entry"},"_links":{"self":[{"href":"https:\/\/blog.fondation-ove.fr\/delta01\/wp-json\/wp\/v2\/pages\/395","targetHints":{"allow":["GET"]}}],"collection":[{"href":"https:\/\/blog.fondation-ove.fr\/delta01\/wp-json\/wp\/v2\/pages"}],"about":[{"href":"https:\/\/blog.fondation-ove.fr\/delta01\/wp-json\/wp\/v2\/types\/page"}],"author":[{"embeddable":true,"href":"https:\/\/blog.fondation-ove.fr\/delta01\/wp-json\/wp\/v2\/users\/138"}],"replies":[{"embeddable":true,"href":"https:\/\/blog.fondation-ove.fr\/delta01\/wp-json\/wp\/v2\/comments?post=395"}],"version-history":[{"count":6,"href":"https:\/\/blog.fondation-ove.fr\/delta01\/wp-json\/wp\/v2\/pages\/395\/revisions"}],"predecessor-version":[{"id":644,"href":"https:\/\/blog.fondation-ove.fr\/delta01\/wp-json\/wp\/v2\/pages\/395\/revisions\/644"}],"up":[{"embeddable":true,"href":"https:\/\/blog.fondation-ove.fr\/delta01\/wp-json\/wp\/v2\/pages\/154"}],"wp:attachment":[{"href":"https:\/\/blog.fondation-ove.fr\/delta01\/wp-json\/wp\/v2\/media?parent=395"}],"curies":[{"name":"wp","href":"https:\/\/api.w.org\/{rel}","templated":true}]}}

<h2></h2>
<p>&nbsp;</p>
<h2><span style="color: #99cc00">Quels sont les documents administratifs que je dois fournir lors de l&rsquo;admission?</span></h2>
<p><span style="color: #000000">• Justificatif d&rsquo;ouverture des Droits Sécurité Sociale (Photocopie de l&rsquo;attestation Carte Vitale)</span></p>
<p><span style="color: #000000">• Livret de famille (photocopie)</span></p>
<p><span style="color: #000000">• Fiche administrative OVE renseignée</span></p>
<p><span style="color: #000000">• Deux photos d&rsquo;identité</span></p>
<p><span style="color: #000000">• Photocopie de l&rsquo;attestation de mutuelle complémentaire</span></p>
<p><span style="color: #000000">• Attestation d&rsquo;assurance en responsabilité civile</span></p>
<p><span style="color: #000000">• Si nécessaire :</span></p>
<p><span style="color: #000000">&#8211; l&rsquo;ordonnance du placement,</span></p>
<p><span style="color: #000000">&#8211; Tout document précisant l&rsquo;exercice des droits parentaux</span></p>
<p><span style="color: #000000">Si les droits Sécurité Sociale ne sont pas ouverts, les parents peuvent effectuer les démarches auprès du CCAS (Centre Communal d&rsquo;Action Sociale) de la Mairie de leur domicile ou auprès des Services Sociaux du Conseil Général pour l&rsquo;admission à l&rsquo;aide médicale (cotisation assurance personnelle), auprès de la CPAM (Caisse Primaire d&rsquo;Assurance Maladie) sont ils relèvent pour l&rsquo;obtention de la CMU (Couverture Maladie Universelle).</span></p>
<p><span style="color: #000000">Le service social demandera la prise en charge à l&rsquo;organisme payeur à l&rsquo;aide de l&rsquo;imprimé correspondant :</span></p>
<p><span style="color: #000000">&nbsp;&#8211; Si l&rsquo;enfant relève de la Sécurité Sociale : à la Caisse d&rsquo;Assurance Maladie,</span></p>
<p><span style="color: #000000">&#8211; Si l&rsquo;enfant relève de l&rsquo;aide sociale à l&rsquo;enfance : aux services du Conseil Général.</span></p>
<p><span style="color: #000000">&nbsp;</span></p>
<h2><span style="color: #99cc00">Quelle est la porte d&rsquo;entrée pour accéder à DELTA 01 ?<br />
</span></h2>
<p>C&rsquo;est la CDAPH (Commission des Droits et de l&rsquo;Autonomie des Personnes Handicapées)&nbsp; 10 rue du Pavé d&rsquo;Amour, 01000 BOURG EN BRESSE qui notifie l&rsquo;admission</p>
<p>En cours de séjour la CDA peut décider soit de la prolongation de la prise en charge soit de l&rsquo;orientation vers une autre structure. Elle notifie aussi, en fin de séjour, la sortie du dispositif.</p>
<p>Dans toutes ces situations les vœux des parents sont obligatoirement recueillis. En cas de désaccord avec l&rsquo;avis de la CDA, ils disposent de possibilités de recours.</p>
<p>&nbsp;</p>
<h2 style="text-align: left"><span style="color: #99cc00">Comment se passe l&rsquo;admission?<br />
</span></h2>
<p style="text-align: left"><span style="color: #000000">Sur notification de la CDAPH en accord avec la famille, la directrice reçoit l&rsquo;enfant et ses parents. Un entretien est proposé à la famille et à l&rsquo;enfant. Les principes de fonctionnement et les valeurs du service sont présentés : association de la famille, respect de la confidentialité, travail en réseau, travail pluridisciplinaire&#8230;</span></p>
<p style="text-align: left"><span style="color: #000000">La procédure d&rsquo;admission est définie dans le projet d&rsquo;établissement. Dès l&rsquo;admission prononcée, l&rsquo;équipe présente&nbsp; à la famille le dispositif de fonctionnement.</span></p>
<p style="text-align: left"><span style="color: #000000">Le contrat de séjour : le document individuel de prise en charge.</span></p>
<p style="text-align: left"><span style="color: #000000">Ce document définit les objectifs de prise en charge et liste les prestations offertes par le dispositif. Il formalise les engagements réciproques en ce qui concerne les usagers et leur famille, d&rsquo;une part, et en ce qui concerne le dispositif, d&rsquo;autre part.</span></p>
<p style="text-align: left"><span style="color: #000000">Son but est d&rsquo;individualiser la prise en charge des personnes tout en créant une relation de partenaires entre familles, usagers et dispositif.</span></p>
<p style="text-align: left"><span style="color: #000000">Le contrat de séjour a valeur contractuelle et l&rsquo;usager, son responsable légal et l&rsquo;équipe pluridisciplinaire s&rsquo;engagent à le respecter. Il est établi par la directrice avec l&rsquo;enfant et sa famille lors de l&rsquo;inscription, puis, il est transmis dans les quinze jours et co-signé dans le mois ouvré suivant l&rsquo;inscription. </span></p>
<h2 style="text-align: left"><span style="color: #99cc00">Qu&rsquo;est ce que le projet&nbsp; personnalisé?</span></h2>
<p style="text-align: left"><span style="color: #000000">Les parents sont partenaires dans l&rsquo;élaboration et la mise en œuvre du projet personnalisé. Ce dernier est élaboré en fin de bilan pour les enfants notifiés par&nbsp; la CDAPH pour une période de trois mois. Pour les autres notifications, il est élaboré en cours d&rsquo;année et fait l&rsquo;objet d&rsquo;une révision annuelle. Il précise les objectifs prioritaires qui tiennent&nbsp; compte de l&rsquo;usager, des moyens de la structure et des possibilités de partenariat avec l&rsquo;extérieur.Tout enfant pris en charge bénéficie d&rsquo;un projet définissant des objectifs de promotion des moyens à mettre en place, ainsi qu&rsquo;une évaluation des effets.</span></p>
<p style="text-align: left"><span style="color: #000000">Ce projet fixe les objectifs vers lesquels tendent l&rsquo;ensemble des intervenants.&nbsp; La directrice est garante des décisions retenues donc de leur bonne application. De ce fait, elle est en contact avec les familles pour tout ce qui concerne la mise en oeuvre du projet.</span></p>
<p>&nbsp;</p>

<p>&nbsp; Quels sont les documents administratifs que je dois fournir lors de l&rsquo;admission? • Justificatif d&rsquo;ouverture des Droits Sécurité Sociale (Photocopie de l&rsquo;attestation Carte Vitale) • Livret de famille (photocopie) • Fiche administrative OVE renseignée • Deux photos d&rsquo;identité • Photocopie de l&rsquo;attestation de mutuelle complémentaire • Attestation d&rsquo;assurance en responsabilité civile • Si nécessaire&hellip; </p>
<p class="toivo-read-more"><a href="https://blog.fondation-ove.fr/delta01/espace-famille/questions-administratives/" class="more-link">Lire la suite <span class="screen-reader-text">Questions administratives</span></a></p>
