{"id":869,"date":"2018-09-06T15:40:08","date_gmt":"2018-09-06T13:40:08","guid":{"rendered":"http:\/\/blog.fondation-ove.fr\/celadon\/?page_id=869"},"modified":"2018-09-27T15:29:33","modified_gmt":"2018-09-27T13:29:33","slug":"visite-au-musee","status":"publish","type":"page","link":"https:\/\/blog.fondation-ove.fr\/celadon\/visite-au-musee\/","title":{"rendered":"Visite Au Mus\u00e9e"},"content":{"rendered":"<p>Mardi 4 Septembre, nous sommes all\u00e9s au mus\u00e9e de Feurs . Avec tous les jeunes de l&rsquo;IME et C\u00e9line, K\u00e9vin et Thierry, nous avons vu une exposition sur la pr\u00e9histoire.<\/p>\n<p>Le monsieur qui nous a pr\u00e9sent\u00e9 l&rsquo;exposition avait l&rsquo;accent qu\u00e9becois et il \u00e9tait assez rigolo.<\/p>\n<p>On a vu des cr\u00e2nes humains : ceux de Cro-magnon, c&rsquo;est \u00e0 dire le notre, celui d&rsquo;homo \u00e9rectus, l&rsquo;homme qui s&rsquo;est lev\u00e9 sur ses pieds et celui d&rsquo;homo habilis, celui qui a invent\u00e9 les premiers outils.<\/p>\n<p>On a vu aussi beaucoup d&rsquo;os d&rsquo;animaux : de rhinoc\u00e9ros, d&rsquo;ours des cavernes, de mouflon, d&rsquo;auroch, de bison, de tigre \u00e0 dents de sabre, de mammouth, de cheval et de rennes.<\/p>\n<p><img loading=\"lazy\" decoding=\"async\" class=\"alignnone wp-image-878 aligncenter\" src=\"http:\/\/blog.fondation-ove.fr\/celadon\/wp-content\/uploads\/sites\/56\/2018\/09\/20180904_150955-300x169.jpg\" alt=\"\" width=\"488\" height=\"281\"><\/p>\n<p>Il nous a aussi expliqu\u00e9 comment faire du feu avec deux morceaux de bois ou avec deux pierres.<\/p>\n<p>On a vu aussi des dessins que Cro-magnon faisait dans les grottes.<\/p>\n<p>On a bien aim\u00e9 cette visite et n&rsquo;h\u00e9sitez pas \u00e0 y aller vous aussi.<\/p>\n<p>Julien, Kylian et Nathan<\/p>\n<p>&nbsp;<\/p>\n","protected":false},"excerpt":{"rendered":"<p>Mardi 4 Septembre, nous sommes all\u00e9s au mus\u00e9e de Feurs . Avec tous les jeunes de l&rsquo;IME et C\u00e9line, K\u00e9vin et Thierry, nous avons vu une exposition sur la pr\u00e9histoire. Le monsieur qui nous a pr\u00e9sent\u00e9 l&rsquo;exposition avait l&rsquo;accent qu\u00e9becois &hellip; <a href=\"https:\/\/blog.fondation-ove.fr\/celadon\/visite-au-musee\/\">Continuer la lecture <span class=\"meta-nav\">&rarr;<\/span><\/a><\/p>\n","protected":false},"author":413,"featured_media":0,"parent":0,"menu_order":0,"comment_status":"closed","ping_status":"closed","template":"","meta":{"ngg_post_thumbnail":0,"footnotes":""},"class_list":["post-869","page","type-page","status-publish","hentry"],"_links":{"self":[{"href":"https:\/\/blog.fondation-ove.fr\/celadon\/wp-json\/wp\/v2\/pages\/869","targetHints":{"allow":["GET"]}}],"collection":[{"href":"https:\/\/blog.fondation-ove.fr\/celadon\/wp-json\/wp\/v2\/pages"}],"about":[{"href":"https:\/\/blog.fondation-ove.fr\/celadon\/wp-json\/wp\/v2\/types\/page"}],"author":[{"embeddable":true,"href":"https:\/\/blog.fondation-ove.fr\/celadon\/wp-json\/wp\/v2\/users\/413"}],"replies":[{"embeddable":true,"href":"https:\/\/blog.fondation-ove.fr\/celadon\/wp-json\/wp\/v2\/comments?post=869"}],"version-history":[{"count":3,"href":"https:\/\/blog.fondation-ove.fr\/celadon\/wp-json\/wp\/v2\/pages\/869\/revisions"}],"predecessor-version":[{"id":923,"href":"https:\/\/blog.fondation-ove.fr\/celadon\/wp-json\/wp\/v2\/pages\/869\/revisions\/923"}],"wp:attachment":[{"href":"https:\/\/blog.fondation-ove.fr\/celadon\/wp-json\/wp\/v2\/media?parent=869"}],"curies":[{"name":"wp","href":"https:\/\/api.w.org\/{rel}","templated":true}]}}

Visite Au Musée

<p>Mardi 4 Septembre, nous sommes allés au musée de Feurs . Avec tous les jeunes de l&rsquo;IME et Céline, Kévin et Thierry, nous avons vu une exposition sur la préhistoire.</p>
<p>Le monsieur qui nous a présenté l&rsquo;exposition avait l&rsquo;accent québecois et il était assez rigolo.</p>
<p>On a vu des crânes humains : ceux de Cro-magnon, c&rsquo;est à dire le notre, celui d&rsquo;homo érectus, l&rsquo;homme qui s&rsquo;est levé sur ses pieds et celui d&rsquo;homo habilis, celui qui a inventé les premiers outils.</p>
<p>On a vu aussi beaucoup d&rsquo;os d&rsquo;animaux : de rhinocéros, d&rsquo;ours des cavernes, de mouflon, d&rsquo;auroch, de bison, de tigre à dents de sabre, de mammouth, de cheval et de rennes.</p>
<p><img loading="lazy" decoding="async" class="alignnone wp-image-878 aligncenter" src="http://blog.fondation-ove.fr/celadon/wp-content/uploads/sites/56/2018/09/20180904_150955-300x169.jpg" alt="" width="488" height="281"></p>
<p>Il nous a aussi expliqué comment faire du feu avec deux morceaux de bois ou avec deux pierres.</p>
<p>On a vu aussi des dessins que Cro-magnon faisait dans les grottes.</p>
<p>On a bien aimé cette visite et n&rsquo;hésitez pas à y aller vous aussi.</p>
<p>Julien, Kylian et Nathan</p>
<p>&nbsp;</p>

<p>Mardi 4 Septembre, nous sommes allés au musée de Feurs . Avec tous les jeunes de l&rsquo;IME et Céline, Kévin et Thierry, nous avons vu une exposition sur la préhistoire. Le monsieur qui nous a présenté l&rsquo;exposition avait l&rsquo;accent québecois &hellip; <a href="https://blog.fondation-ove.fr/celadon/visite-au-musee/">Continuer la lecture <span class="meta-nav">&rarr;</span></a></p>
