{"id":51,"date":"2017-09-07T15:34:42","date_gmt":"2017-09-07T13:34:42","guid":{"rendered":"http:\/\/blog.fondation-ove.fr\/celadon\/?page_id=51"},"modified":"2018-11-30T14:46:54","modified_gmt":"2018-11-30T13:46:54","slug":"lycees","status":"publish","type":"page","link":"https:\/\/blog.fondation-ove.fr\/celadon\/lycees\/","title":{"rendered":"Au lyc\u00e9e"},"content":{"rendered":"<p>Les jeunes sont inclus dans diff\u00e9rents lyc\u00e9es dans les mati\u00e8res professionnelles.<\/p>\n<p style=\"text-align: center\"><strong>JARDIN AU LYC\u00c9E<\/strong><\/p>\n<p><strong><em>Bonjour je m&rsquo;appelle Maxime. Depuis septembre, je vais au lyc\u00e9e avec Clara faire du jardin avec monsieur Robert et des jeunes du lyc\u00e9e. On fait du coupage de haie et du d\u00e9sherbage de 15h00 \u00e0 16h45 apr\u00e8s je rentre en bus.<br \/>\n<\/em><\/strong><\/p>\n<p>&nbsp;<\/p>\n<p>&nbsp;&nbsp;&nbsp;&nbsp;&nbsp;&nbsp;&nbsp;&nbsp;&nbsp;&nbsp;&nbsp;&nbsp;&nbsp;&nbsp;&nbsp;&nbsp;&nbsp;&nbsp;&nbsp;&nbsp;&nbsp;&nbsp;&nbsp;&nbsp;&nbsp;&nbsp;&nbsp;&nbsp;&nbsp;&nbsp;&nbsp;&nbsp;&nbsp;&nbsp;&nbsp;&nbsp;&nbsp;&nbsp;&nbsp;&nbsp;&nbsp;&nbsp;&nbsp;&nbsp;&nbsp;&nbsp;&nbsp;&nbsp;&nbsp;&nbsp;&nbsp;&nbsp;&nbsp;&nbsp;&nbsp;&nbsp;&nbsp;&nbsp;&nbsp;<strong> Ateliers de loisirs cr\u00e9atifs<br \/>\n<\/strong><\/p>\n<p><strong>Depuis le d\u00e9but de l&rsquo;ann\u00e9e, le mercredi \u00e0 10h00 \u00e0 12h00, je vais \u00e0 des ateliers de loisirs cr\u00e9atifs avec Madame Colomb. On travaille en classe puis je mange seul au lyc\u00e9e ( avec K\u00e9vin la premi\u00e8re fois). Je rentre \u00e0 l&rsquo;IME vers 13h.<br \/>\n<\/strong><\/p>\n<p><strong>Furkan&nbsp; &nbsp;<\/strong><\/p>\n<p>&nbsp;<\/p>\n","protected":false},"excerpt":{"rendered":"<p>Les jeunes sont inclus dans diff\u00e9rents lyc\u00e9es dans les mati\u00e8res professionnelles. JARDIN AU LYC\u00c9E Bonjour je m&rsquo;appelle Maxime. Depuis septembre, je vais au lyc\u00e9e avec Clara faire du jardin avec monsieur Robert et des jeunes du lyc\u00e9e. On fait du &hellip; <a href=\"https:\/\/blog.fondation-ove.fr\/celadon\/lycees\/\">Continuer la lecture <span class=\"meta-nav\">&rarr;<\/span><\/a><\/p>\n","protected":false},"author":413,"featured_media":0,"parent":0,"menu_order":0,"comment_status":"closed","ping_status":"closed","template":"","meta":{"ngg_post_thumbnail":0,"footnotes":""},"class_list":["post-51","page","type-page","status-publish","hentry"],"_links":{"self":[{"href":"https:\/\/blog.fondation-ove.fr\/celadon\/wp-json\/wp\/v2\/pages\/51","targetHints":{"allow":["GET"]}}],"collection":[{"href":"https:\/\/blog.fondation-ove.fr\/celadon\/wp-json\/wp\/v2\/pages"}],"about":[{"href":"https:\/\/blog.fondation-ove.fr\/celadon\/wp-json\/wp\/v2\/types\/page"}],"author":[{"embeddable":true,"href":"https:\/\/blog.fondation-ove.fr\/celadon\/wp-json\/wp\/v2\/users\/413"}],"replies":[{"embeddable":true,"href":"https:\/\/blog.fondation-ove.fr\/celadon\/wp-json\/wp\/v2\/comments?post=51"}],"version-history":[{"count":14,"href":"https:\/\/blog.fondation-ove.fr\/celadon\/wp-json\/wp\/v2\/pages\/51\/revisions"}],"predecessor-version":[{"id":1062,"href":"https:\/\/blog.fondation-ove.fr\/celadon\/wp-json\/wp\/v2\/pages\/51\/revisions\/1062"}],"wp:attachment":[{"href":"https:\/\/blog.fondation-ove.fr\/celadon\/wp-json\/wp\/v2\/media?parent=51"}],"curies":[{"name":"wp","href":"https:\/\/api.w.org\/{rel}","templated":true}]}}