{"id":473,"date":"2018-01-18T15:36:04","date_gmt":"2018-01-18T14:36:04","guid":{"rendered":"http:\/\/blog.fondation-ove.fr\/celadon\/?page_id=473"},"modified":"2019-05-09T15:22:41","modified_gmt":"2019-05-09T13:22:41","slug":"pour-vous-distraire","status":"publish","type":"page","link":"https:\/\/blog.fondation-ove.fr\/celadon\/pour-vous-distraire\/","title":{"rendered":"Pour vous distraire&#8230;quelques charades !"},"content":{"rendered":"<p><strong>Les r\u00e9ponses :<\/strong><\/p>\n<p>1\u00b0 Mon premier est le d\u00e9but d&rsquo;une vache.<\/p>\n<p>Mon deuxi\u00e8me est le contraire de rapide.<\/p>\n<p>Mon troisi\u00e8me est une herbe aromatique.<\/p>\n<p>Mon tout est un gar\u00e7on de l&rsquo;IME.<\/p>\n<p><strong>R\u00e9ponse : Valentin <\/strong>( Va + lent + thym)<\/p>\n<p>&nbsp;<\/p>\n<p>2\u00b0 Mon premier est la premi\u00e8re lettre de l&rsquo;alphabet.<\/p>\n<p>Mon deuxi\u00e8me est un instrument de musique pour la chasse.<\/p>\n<p>Avec mon troisi\u00e8me, on d\u00e9finit un nombre pour avancer dans un jeu de plateau.<\/p>\n<p>Mon quatri\u00e8me est pronom ind\u00e9fini.<\/p>\n<p>Mon tout est le piano du pauvre.<\/p>\n<p><strong>R\u00e9ponse : Accord\u00e9on <\/strong>(A + cor + d\u00e9 + on)<\/p>\n<p>&nbsp;<\/p>\n","protected":false},"excerpt":{"rendered":"<p>Les r\u00e9ponses : 1\u00b0 Mon premier est le d\u00e9but d&rsquo;une vache. Mon deuxi\u00e8me est le contraire de rapide. Mon troisi\u00e8me est une herbe aromatique. Mon tout est un gar\u00e7on de l&rsquo;IME. R\u00e9ponse : Valentin ( Va + lent + thym) &hellip; <a href=\"https:\/\/blog.fondation-ove.fr\/celadon\/pour-vous-distraire\/\">Continuer la lecture <span class=\"meta-nav\">&rarr;<\/span><\/a><\/p>\n","protected":false},"author":413,"featured_media":0,"parent":0,"menu_order":0,"comment_status":"closed","ping_status":"closed","template":"","meta":{"ngg_post_thumbnail":0,"footnotes":""},"class_list":["post-473","page","type-page","status-publish","hentry"],"_links":{"self":[{"href":"https:\/\/blog.fondation-ove.fr\/celadon\/wp-json\/wp\/v2\/pages\/473","targetHints":{"allow":["GET"]}}],"collection":[{"href":"https:\/\/blog.fondation-ove.fr\/celadon\/wp-json\/wp\/v2\/pages"}],"about":[{"href":"https:\/\/blog.fondation-ove.fr\/celadon\/wp-json\/wp\/v2\/types\/page"}],"author":[{"embeddable":true,"href":"https:\/\/blog.fondation-ove.fr\/celadon\/wp-json\/wp\/v2\/users\/413"}],"replies":[{"embeddable":true,"href":"https:\/\/blog.fondation-ove.fr\/celadon\/wp-json\/wp\/v2\/comments?post=473"}],"version-history":[{"count":58,"href":"https:\/\/blog.fondation-ove.fr\/celadon\/wp-json\/wp\/v2\/pages\/473\/revisions"}],"predecessor-version":[{"id":1394,"href":"https:\/\/blog.fondation-ove.fr\/celadon\/wp-json\/wp\/v2\/pages\/473\/revisions\/1394"}],"wp:attachment":[{"href":"https:\/\/blog.fondation-ove.fr\/celadon\/wp-json\/wp\/v2\/media?parent=473"}],"curies":[{"name":"wp","href":"https:\/\/api.w.org\/{rel}","templated":true}]}}