{"id":2379,"date":"2020-04-03T09:58:32","date_gmt":"2020-04-03T07:58:32","guid":{"rendered":"http:\/\/blog.fondation-ove.fr\/celadon\/?page_id=2379"},"modified":"2020-04-17T14:48:32","modified_gmt":"2020-04-17T12:48:32","slug":"idees-recettes","status":"publish","type":"page","link":"https:\/\/blog.fondation-ove.fr\/celadon\/idees-recettes\/","title":{"rendered":"IDEES RECETTES"},"content":{"rendered":"\n<p>Nouvelles propositions<\/p>\n\n\n\n<div class=\"wp-block-file\"><a href=\"https:\/\/blog.fondation-ove.fr\/celadon\/wp-content\/uploads\/sites\/56\/2020\/04\/Croustillant-aux-asperges-vertes.pdf\">Croustillant-aux-asperges-vertes<\/a><a href=\"https:\/\/blog.fondation-ove.fr\/celadon\/wp-content\/uploads\/sites\/56\/2020\/04\/Croustillant-aux-asperges-vertes.pdf\" class=\"wp-block-file__button\" download>T\u00e9l\u00e9charger<\/a><\/div>\n\n\n\n<div class=\"wp-block-file\"><a href=\"https:\/\/blog.fondation-ove.fr\/celadon\/wp-content\/uploads\/sites\/56\/2020\/04\/Wok-de-l\u00e9gumes-c\u00e9r\u00e9ales-et-poulet.pdf\">Wok-de-l\u00e9gumes-c\u00e9r\u00e9ales-et-poulet<\/a><a href=\"https:\/\/blog.fondation-ove.fr\/celadon\/wp-content\/uploads\/sites\/56\/2020\/04\/Wok-de-l\u00e9gumes-c\u00e9r\u00e9ales-et-poulet.pdf\" class=\"wp-block-file__button\" download>T\u00e9l\u00e9charger<\/a><\/div>\n\n\n\n<div class=\"wp-block-file\"><a href=\"https:\/\/blog.fondation-ove.fr\/celadon\/wp-content\/uploads\/sites\/56\/2020\/04\/Milkshake-fraise-banane.pdf\">Milkshake-fraise-banane<\/a><a href=\"https:\/\/blog.fondation-ove.fr\/celadon\/wp-content\/uploads\/sites\/56\/2020\/04\/Milkshake-fraise-banane.pdf\" class=\"wp-block-file__button\" download>T\u00e9l\u00e9charger<\/a><\/div>\n\n\n\n<p>Nouvelles recettes propos\u00e9es par API.<\/p>\n\n\n\n<p>PAIN de FOIE de VOLAILLE ; GIGOT d&rsquo;AGNEAU de 7 Heures et Healthy Banana Brownie<\/p>\n\n\n\n<div class=\"wp-block-file\"><a href=\"https:\/\/blog.fondation-ove.fr\/celadon\/wp-content\/uploads\/sites\/56\/2020\/04\/Cuisine.pdf\">Cuisine<\/a><a href=\"https:\/\/blog.fondation-ove.fr\/celadon\/wp-content\/uploads\/sites\/56\/2020\/04\/Cuisine.pdf\" class=\"wp-block-file__button\" download>T\u00e9l\u00e9charger<\/a><\/div>\n\n\n\n<p>Voici des recettes propos\u00e9es par API Restauration. <\/p>\n\n\n\n<p>De quoi vous r\u00e9galer !<\/p>\n\n\n\n<p>BONNE CUISINE et BONNE DEGUSTATION !<\/p>\n\n\n\n<div class=\"wp-block-file\"><a href=\"https:\/\/blog.fondation-ove.fr\/celadon\/wp-content\/uploads\/sites\/56\/2020\/04\/Quiche-facile-sans-p\u00e2te.pdf\">Quiche-facile-sans-p\u00e2te<\/a><a href=\"https:\/\/blog.fondation-ove.fr\/celadon\/wp-content\/uploads\/sites\/56\/2020\/04\/Quiche-facile-sans-p\u00e2te.pdf\" class=\"wp-block-file__button\" download>T\u00e9l\u00e9charger<\/a><\/div>\n\n\n\n<div class=\"wp-block-file\"><a href=\"https:\/\/blog.fondation-ove.fr\/celadon\/wp-content\/uploads\/sites\/56\/2020\/04\/Papillotte-de-saumon-fromage-fondant-et-chorizo.pdf\">Papillotte-de-saumon-fromage-fondant-et-chorizo<\/a><a href=\"https:\/\/blog.fondation-ove.fr\/celadon\/wp-content\/uploads\/sites\/56\/2020\/04\/Papillotte-de-saumon-fromage-fondant-et-chorizo.pdf\" class=\"wp-block-file__button\" download>T\u00e9l\u00e9charger<\/a><\/div>\n\n\n\n<div class=\"wp-block-file\"><a href=\"https:\/\/blog.fondation-ove.fr\/celadon\/wp-content\/uploads\/sites\/56\/2020\/04\/Panna-Cotta-l\u00e9g\u00e8re-au-kiwi.pdf\">Panna-Cotta-l\u00e9g\u00e8re-au-kiwi<\/a><a href=\"https:\/\/blog.fondation-ove.fr\/celadon\/wp-content\/uploads\/sites\/56\/2020\/04\/Panna-Cotta-l\u00e9g\u00e8re-au-kiwi.pdf\" class=\"wp-block-file__button\" download>T\u00e9l\u00e9charger<\/a><\/div>\n\n\n\n<div class=\"wp-block-file\"><a href=\"https:\/\/blog.fondation-ove.fr\/celadon\/wp-content\/uploads\/sites\/56\/2020\/04\/G\u00e2teau-des-\u00eeles.pdf\">G\u00e2teau-des-\u00eeles<\/a><a href=\"https:\/\/blog.fondation-ove.fr\/celadon\/wp-content\/uploads\/sites\/56\/2020\/04\/G\u00e2teau-des-\u00eeles.pdf\" class=\"wp-block-file__button\" download>T\u00e9l\u00e9charger<\/a><\/div>\n","protected":false},"excerpt":{"rendered":"<p>Nouvelles propositions Nouvelles recettes propos\u00e9es par API. PAIN de FOIE de VOLAILLE ; GIGOT d&rsquo;AGNEAU de 7 Heures et Healthy Banana Brownie Voici des recettes propos\u00e9es par API Restauration. De quoi vous r\u00e9galer ! BONNE CUISINE et BONNE DEGUSTATION !<\/p>\n","protected":false},"author":413,"featured_media":0,"parent":0,"menu_order":0,"comment_status":"closed","ping_status":"closed","template":"","meta":{"ngg_post_thumbnail":0,"footnotes":""},"class_list":["post-2379","page","type-page","status-publish","hentry"],"_links":{"self":[{"href":"https:\/\/blog.fondation-ove.fr\/celadon\/wp-json\/wp\/v2\/pages\/2379","targetHints":{"allow":["GET"]}}],"collection":[{"href":"https:\/\/blog.fondation-ove.fr\/celadon\/wp-json\/wp\/v2\/pages"}],"about":[{"href":"https:\/\/blog.fondation-ove.fr\/celadon\/wp-json\/wp\/v2\/types\/page"}],"author":[{"embeddable":true,"href":"https:\/\/blog.fondation-ove.fr\/celadon\/wp-json\/wp\/v2\/users\/413"}],"replies":[{"embeddable":true,"href":"https:\/\/blog.fondation-ove.fr\/celadon\/wp-json\/wp\/v2\/comments?post=2379"}],"version-history":[{"count":3,"href":"https:\/\/blog.fondation-ove.fr\/celadon\/wp-json\/wp\/v2\/pages\/2379\/revisions"}],"predecessor-version":[{"id":2837,"href":"https:\/\/blog.fondation-ove.fr\/celadon\/wp-json\/wp\/v2\/pages\/2379\/revisions\/2837"}],"wp:attachment":[{"href":"https:\/\/blog.fondation-ove.fr\/celadon\/wp-json\/wp\/v2\/media?parent=2379"}],"curies":[{"name":"wp","href":"https:\/\/api.w.org\/{rel}","templated":true}]}}