{"id":1669,"date":"2019-12-20T09:50:45","date_gmt":"2019-12-20T08:50:45","guid":{"rendered":"http:\/\/blog.fondation-ove.fr\/celadon\/?page_id=1669"},"modified":"2019-12-20T09:50:45","modified_gmt":"2019-12-20T08:50:45","slug":"repas-de-noel","status":"publish","type":"page","link":"https:\/\/blog.fondation-ove.fr\/celadon\/repas-de-noel\/","title":{"rendered":"Repas  de No\u00ebl"},"content":{"rendered":"\n<p>Jeudi 19 D\u00e9cembre, c\u2019\u00e9tait  le repas de No\u00ebl \u00e0 l&rsquo;IME. Nous  avons fait de la cuisine et  la d\u00e9coration de la table.<\/p>\n\n\n\n<p>Nous \u00e9tions  26 personnes au repas .  <\/p>\n\n\n\n<p>Thierry, S\u00e9verine, Sophie, Benoit, monsieur Genod, Furkan et Mathilde \u00e9taient  nos invit\u00e9s.<\/p>\n\n\n\n<p><\/p>\n","protected":false},"excerpt":{"rendered":"<p>Jeudi 19 D\u00e9cembre, c\u2019\u00e9tait le repas de No\u00ebl \u00e0 l&rsquo;IME. Nous avons fait de la cuisine et la d\u00e9coration de la table. Nous \u00e9tions 26 personnes au repas . Thierry, S\u00e9verine, Sophie, Benoit, monsieur Genod, Furkan et Mathilde \u00e9taient nos &hellip; <a href=\"https:\/\/blog.fondation-ove.fr\/celadon\/repas-de-noel\/\">Continuer la lecture <span class=\"meta-nav\">&rarr;<\/span><\/a><\/p>\n","protected":false},"author":413,"featured_media":0,"parent":0,"menu_order":0,"comment_status":"closed","ping_status":"closed","template":"","meta":{"ngg_post_thumbnail":0,"footnotes":""},"class_list":["post-1669","page","type-page","status-publish","hentry"],"_links":{"self":[{"href":"https:\/\/blog.fondation-ove.fr\/celadon\/wp-json\/wp\/v2\/pages\/1669","targetHints":{"allow":["GET"]}}],"collection":[{"href":"https:\/\/blog.fondation-ove.fr\/celadon\/wp-json\/wp\/v2\/pages"}],"about":[{"href":"https:\/\/blog.fondation-ove.fr\/celadon\/wp-json\/wp\/v2\/types\/page"}],"author":[{"embeddable":true,"href":"https:\/\/blog.fondation-ove.fr\/celadon\/wp-json\/wp\/v2\/users\/413"}],"replies":[{"embeddable":true,"href":"https:\/\/blog.fondation-ove.fr\/celadon\/wp-json\/wp\/v2\/comments?post=1669"}],"version-history":[{"count":1,"href":"https:\/\/blog.fondation-ove.fr\/celadon\/wp-json\/wp\/v2\/pages\/1669\/revisions"}],"predecessor-version":[{"id":1681,"href":"https:\/\/blog.fondation-ove.fr\/celadon\/wp-json\/wp\/v2\/pages\/1669\/revisions\/1681"}],"wp:attachment":[{"href":"https:\/\/blog.fondation-ove.fr\/celadon\/wp-json\/wp\/v2\/media?parent=1669"}],"curies":[{"name":"wp","href":"https:\/\/api.w.org\/{rel}","templated":true}]}}

Repas  de Noël

<p>Jeudi 19 Décembre, c’était  le repas de Noël à l&rsquo;IME. Nous  avons fait de la cuisine et  la décoration de la table.</p>



<p>Nous étions  26 personnes au repas .  </p>



<p>Thierry, Séverine, Sophie, Benoit, monsieur Genod, Furkan et Mathilde étaient  nos invités.</p>



<p></p>

<p>Jeudi 19 Décembre, c’était le repas de Noël à l&rsquo;IME. Nous avons fait de la cuisine et la décoration de la table. Nous étions 26 personnes au repas . Thierry, Séverine, Sophie, Benoit, monsieur Genod, Furkan et Mathilde étaient nos &hellip; <a href="https://blog.fondation-ove.fr/celadon/repas-de-noel/">Continuer la lecture <span class="meta-nav">&rarr;</span></a></p>
