{"id":1457,"date":"2019-06-20T15:27:44","date_gmt":"2019-06-20T13:27:44","guid":{"rendered":"http:\/\/blog.fondation-ove.fr\/celadon\/?page_id=1457"},"modified":"2019-06-20T15:27:44","modified_gmt":"2019-06-20T13:27:44","slug":"equitation-a-jas","status":"publish","type":"page","link":"https:\/\/blog.fondation-ove.fr\/celadon\/equitation-a-jas\/","title":{"rendered":"Equitation \u00e0 Jas"},"content":{"rendered":"\n<p>Hier, mercredi 19 juin, nous sommes all\u00e9s \u00e0 Jas sport faire du cheval.<\/p>\n\n\n\n<p>Avec Ludivine et Gr\u00e9goire, on a d&rsquo;abord bross\u00e9 les chevaux, on les a harnach\u00e9s : on a mis le filet, le mors et on les a sell\u00e9s.<\/p>\n\n\n\n<p>Au d\u00e9but, on a tourn\u00e9 dans la carri\u00e8re puis on est all\u00e9s faire un tour en for\u00eat.<\/p>\n\n\n\n<p>J&rsquo;ai bien aim\u00e9 cette activit\u00e9.<\/p>\n\n\n\n<p>Valentin<br><\/p>\n","protected":false},"excerpt":{"rendered":"<p>Hier, mercredi 19 juin, nous sommes all\u00e9s \u00e0 Jas sport faire du cheval. Avec Ludivine et Gr\u00e9goire, on a d&rsquo;abord bross\u00e9 les chevaux, on les a harnach\u00e9s : on a mis le filet, le mors et on les a sell\u00e9s. &hellip; <a href=\"https:\/\/blog.fondation-ove.fr\/celadon\/equitation-a-jas\/\">Continuer la lecture <span class=\"meta-nav\">&rarr;<\/span><\/a><\/p>\n","protected":false},"author":413,"featured_media":0,"parent":0,"menu_order":0,"comment_status":"closed","ping_status":"closed","template":"","meta":{"ngg_post_thumbnail":0,"footnotes":""},"class_list":["post-1457","page","type-page","status-publish","hentry"],"_links":{"self":[{"href":"https:\/\/blog.fondation-ove.fr\/celadon\/wp-json\/wp\/v2\/pages\/1457","targetHints":{"allow":["GET"]}}],"collection":[{"href":"https:\/\/blog.fondation-ove.fr\/celadon\/wp-json\/wp\/v2\/pages"}],"about":[{"href":"https:\/\/blog.fondation-ove.fr\/celadon\/wp-json\/wp\/v2\/types\/page"}],"author":[{"embeddable":true,"href":"https:\/\/blog.fondation-ove.fr\/celadon\/wp-json\/wp\/v2\/users\/413"}],"replies":[{"embeddable":true,"href":"https:\/\/blog.fondation-ove.fr\/celadon\/wp-json\/wp\/v2\/comments?post=1457"}],"version-history":[{"count":1,"href":"https:\/\/blog.fondation-ove.fr\/celadon\/wp-json\/wp\/v2\/pages\/1457\/revisions"}],"predecessor-version":[{"id":1459,"href":"https:\/\/blog.fondation-ove.fr\/celadon\/wp-json\/wp\/v2\/pages\/1457\/revisions\/1459"}],"wp:attachment":[{"href":"https:\/\/blog.fondation-ove.fr\/celadon\/wp-json\/wp\/v2\/media?parent=1457"}],"curies":[{"name":"wp","href":"https:\/\/api.w.org\/{rel}","templated":true}]}}