{"id":1434,"date":"2019-06-13T15:28:43","date_gmt":"2019-06-13T13:28:43","guid":{"rendered":"http:\/\/blog.fondation-ove.fr\/celadon\/?page_id=1434"},"modified":"2019-06-13T16:08:11","modified_gmt":"2019-06-13T14:08:11","slug":"jas-sport","status":"publish","type":"page","link":"https:\/\/blog.fondation-ove.fr\/celadon\/jas-sport\/","title":{"rendered":"Jas sport"},"content":{"rendered":"\n<p>Mercredi 12 juin, nous sommes all\u00e9s \u00e0 Jas faire de l&rsquo;accrobranche avec Clara, Naomie, Maxime, Arthur, Marl\u00e8ne et Kevin.<\/p>\n\n\n\n<figure class=\"wp-block-image\"><img decoding=\"async\" src=\"http:\/\/blog.fondation-ove.fr\/celadon\/wp-content\/uploads\/sites\/56\/2019\/06\/furkan-e1560434693194-768x1024.jpg\" alt=\"\" class=\"wp-image-1441\" \/><\/figure>\n\n\n\n<p>D&rsquo;abord, on a mis des baudriers. Puis nous avons fait des parcours en \u00e9tant toujours accroch\u00e9 par une ligne de vie. <\/p>\n\n\n\n<figure class=\"wp-block-image\"><img decoding=\"async\" src=\"http:\/\/blog.fondation-ove.fr\/celadon\/wp-content\/uploads\/sites\/56\/2019\/06\/clara-e1560434612908-768x1024.jpg\" alt=\"\" class=\"wp-image-1443\" \/><\/figure>\n\n\n\n<p>On a march\u00e9 sur les cabanes et sur une planche. On devait ramener un filet vers nous pour se lancer dans le vide en se tenant \u00e0 une corde. <\/p>\n\n\n\n<figure class=\"wp-block-image\"><img decoding=\"async\" src=\"http:\/\/blog.fondation-ove.fr\/celadon\/wp-content\/uploads\/sites\/56\/2019\/06\/max-et-noamie-e1560434663704-768x1024.jpg\" alt=\"\" class=\"wp-image-1442\" \/><\/figure>\n\n\n\n<p>On est mont\u00e9s sur des cordes, et march\u00e9s sur un filet. On a aussi fait d&rsquo;une moto en bois qui se d\u00e9pla\u00e7ait sur un c\u00e2ble. <\/p>\n\n\n\n<p>C&rsquo;\u00e9tait bien, j&rsquo;ai bien aim\u00e9 cette activit\u00e9 !<\/p>\n\n\n\n<p>Furkan<\/p>\n","protected":false},"excerpt":{"rendered":"<p>Mercredi 12 juin, nous sommes all\u00e9s \u00e0 Jas faire de l&rsquo;accrobranche avec Clara, Naomie, Maxime, Arthur, Marl\u00e8ne et Kevin. D&rsquo;abord, on a mis des baudriers. Puis nous avons fait des parcours en \u00e9tant toujours accroch\u00e9 par une ligne de vie. &hellip; <a href=\"https:\/\/blog.fondation-ove.fr\/celadon\/jas-sport\/\">Continuer la lecture <span class=\"meta-nav\">&rarr;<\/span><\/a><\/p>\n","protected":false},"author":413,"featured_media":0,"parent":0,"menu_order":0,"comment_status":"closed","ping_status":"closed","template":"","meta":{"ngg_post_thumbnail":0,"footnotes":""},"class_list":["post-1434","page","type-page","status-publish","hentry"],"_links":{"self":[{"href":"https:\/\/blog.fondation-ove.fr\/celadon\/wp-json\/wp\/v2\/pages\/1434","targetHints":{"allow":["GET"]}}],"collection":[{"href":"https:\/\/blog.fondation-ove.fr\/celadon\/wp-json\/wp\/v2\/pages"}],"about":[{"href":"https:\/\/blog.fondation-ove.fr\/celadon\/wp-json\/wp\/v2\/types\/page"}],"author":[{"embeddable":true,"href":"https:\/\/blog.fondation-ove.fr\/celadon\/wp-json\/wp\/v2\/users\/413"}],"replies":[{"embeddable":true,"href":"https:\/\/blog.fondation-ove.fr\/celadon\/wp-json\/wp\/v2\/comments?post=1434"}],"version-history":[{"count":3,"href":"https:\/\/blog.fondation-ove.fr\/celadon\/wp-json\/wp\/v2\/pages\/1434\/revisions"}],"predecessor-version":[{"id":1444,"href":"https:\/\/blog.fondation-ove.fr\/celadon\/wp-json\/wp\/v2\/pages\/1434\/revisions\/1444"}],"wp:attachment":[{"href":"https:\/\/blog.fondation-ove.fr\/celadon\/wp-json\/wp\/v2\/media?parent=1434"}],"curies":[{"name":"wp","href":"https:\/\/api.w.org\/{rel}","templated":true}]}}