{"id":1374,"date":"2019-05-03T10:01:44","date_gmt":"2019-05-03T08:01:44","guid":{"rendered":"http:\/\/blog.fondation-ove.fr\/celadon\/?page_id=1374"},"modified":"2019-05-03T10:21:01","modified_gmt":"2019-05-03T08:21:01","slug":"jeudi-2-mai-la-derniere-seance","status":"publish","type":"page","link":"https:\/\/blog.fondation-ove.fr\/celadon\/jeudi-2-mai-la-derniere-seance\/","title":{"rendered":"Jeudi 2 mai : la derni\u00e8re s\u00e9ance"},"content":{"rendered":"\n<figure class=\"wp-block-image\"><img decoding=\"async\" src=\"http:\/\/blog.fondation-ove.fr\/celadon\/wp-content\/uploads\/sites\/56\/2019\/05\/IMG_0545-1024x768.jpg\" alt=\"\" class=\"wp-image-1377\" \/><\/figure>\n\n\n\n<p>On a mis les licols et apr\u00e8s on est all\u00e9s chercher les chevaux. Carole nous a expliqu\u00e9 comment mettre le tapis et la selle. On a mis le mors et apr\u00e8s on est partis dans la petite carri\u00e8re.<\/p>\n\n\n\n<figure class=\"wp-block-image\"><img decoding=\"async\" src=\"http:\/\/blog.fondation-ove.fr\/celadon\/wp-content\/uploads\/sites\/56\/2019\/05\/IMG_0546-768x1024.jpg\" alt=\"\" class=\"wp-image-1378\" \/><\/figure>\n\n\n\n<p><\/p>\n\n\n\n<figure class=\"wp-block-image\"><img decoding=\"async\" src=\"http:\/\/blog.fondation-ove.fr\/celadon\/wp-content\/uploads\/sites\/56\/2019\/05\/IMG_0562-768x1024.jpg\" alt=\"\" class=\"wp-image-1381\" \/><\/figure>\n\n\n\n<p>Elle nous a expliqu\u00e9s comment monter \u00e0 cheval et apr\u00e8s elle nous a dit de faire le tour de la petite carri\u00e8re. Elle nous a fait faire un slalom et apr\u00e8s elle nous a expliqu\u00e9 comment pour faire trotter les chevaux. On  a fait le tour en escargot. <\/p>\n\n\n\n<figure class=\"wp-block-image\"><img decoding=\"async\" src=\"http:\/\/blog.fondation-ove.fr\/celadon\/wp-content\/uploads\/sites\/56\/2019\/05\/IMG_0552-768x1024.jpg\" alt=\"\" class=\"wp-image-1379\" \/><\/figure>\n\n\n\n<figure class=\"wp-block-image\"><img decoding=\"async\" src=\"http:\/\/blog.fondation-ove.fr\/celadon\/wp-content\/uploads\/sites\/56\/2019\/05\/IMG_0553-768x1024.jpg\" alt=\"\" class=\"wp-image-1380\" \/><\/figure>\n\n\n\n<p>On a bien aim\u00e9 ces s\u00e9ances d&rsquo;\u00e9thologie. On a bien aim\u00e9 s&rsquo;occuper des chevaux, les diriger et monter dessus.<\/p>\n\n\n\n<figure class=\"wp-block-image\"><img decoding=\"async\" src=\"http:\/\/blog.fondation-ove.fr\/celadon\/wp-content\/uploads\/sites\/56\/2019\/05\/IMG_0560-768x1024.jpg\" alt=\"\" class=\"wp-image-1382\" \/><\/figure>\n\n\n\n<figure class=\"wp-block-image\"><img decoding=\"async\" src=\"http:\/\/blog.fondation-ove.fr\/celadon\/wp-content\/uploads\/sites\/56\/2019\/05\/IMG_0557-768x1024.jpg\" alt=\"\" class=\"wp-image-1383\" \/><\/figure>\n\n\n\n<figure class=\"wp-block-image\"><img decoding=\"async\" src=\"http:\/\/blog.fondation-ove.fr\/celadon\/wp-content\/uploads\/sites\/56\/2019\/05\/IMG_0554-768x1024.jpg\" alt=\"\" class=\"wp-image-1384\" \/><\/figure>\n\n\n\n<p>Esteban Nathan Julien Kylian. <br><br><\/p>\n","protected":false},"excerpt":{"rendered":"<p>On a mis les licols et apr\u00e8s on est all\u00e9s chercher les chevaux. Carole nous a expliqu\u00e9 comment mettre le tapis et la selle. On a mis le mors et apr\u00e8s on est partis dans la petite carri\u00e8re. Elle nous &hellip; <a href=\"https:\/\/blog.fondation-ove.fr\/celadon\/jeudi-2-mai-la-derniere-seance\/\">Continuer la lecture <span class=\"meta-nav\">&rarr;<\/span><\/a><\/p>\n","protected":false},"author":413,"featured_media":0,"parent":0,"menu_order":0,"comment_status":"closed","ping_status":"closed","template":"","meta":{"ngg_post_thumbnail":0,"footnotes":""},"class_list":["post-1374","page","type-page","status-publish","hentry"],"_links":{"self":[{"href":"https:\/\/blog.fondation-ove.fr\/celadon\/wp-json\/wp\/v2\/pages\/1374","targetHints":{"allow":["GET"]}}],"collection":[{"href":"https:\/\/blog.fondation-ove.fr\/celadon\/wp-json\/wp\/v2\/pages"}],"about":[{"href":"https:\/\/blog.fondation-ove.fr\/celadon\/wp-json\/wp\/v2\/types\/page"}],"author":[{"embeddable":true,"href":"https:\/\/blog.fondation-ove.fr\/celadon\/wp-json\/wp\/v2\/users\/413"}],"replies":[{"embeddable":true,"href":"https:\/\/blog.fondation-ove.fr\/celadon\/wp-json\/wp\/v2\/comments?post=1374"}],"version-history":[{"count":2,"href":"https:\/\/blog.fondation-ove.fr\/celadon\/wp-json\/wp\/v2\/pages\/1374\/revisions"}],"predecessor-version":[{"id":1385,"href":"https:\/\/blog.fondation-ove.fr\/celadon\/wp-json\/wp\/v2\/pages\/1374\/revisions\/1385"}],"wp:attachment":[{"href":"https:\/\/blog.fondation-ove.fr\/celadon\/wp-json\/wp\/v2\/media?parent=1374"}],"curies":[{"name":"wp","href":"https:\/\/api.w.org\/{rel}","templated":true}]}}