{"id":1336,"date":"2019-04-11T14:46:42","date_gmt":"2019-04-11T12:46:42","guid":{"rendered":"http:\/\/blog.fondation-ove.fr\/celadon\/?page_id=1336"},"modified":"2019-04-11T15:23:26","modified_gmt":"2019-04-11T13:23:26","slug":"la-rencontre-avec-la-creche","status":"publish","type":"page","link":"https:\/\/blog.fondation-ove.fr\/celadon\/la-rencontre-avec-la-creche\/","title":{"rendered":"La rencontre avec la cr\u00e8che"},"content":{"rendered":"<p>Mercredi matin, on a rencontr\u00e9 les petits de la cr\u00e8che.<\/p>\n<p>On a plant\u00e9 des petites fleurs dans des petits pots individuels.<\/p>\n<p>Apr\u00e8s, on a jou\u00e9 au football&nbsp; avec eux&nbsp; puis ils sont partis avec leurs pots de fleurs.<\/p>\n<p>On les a raccompagn\u00e9s&nbsp; et&nbsp; on leur a dit au revoir.<\/p>\n<p>Maxime, Clara&nbsp;<\/p>\n<p>&nbsp;<\/p>\n","protected":false},"excerpt":{"rendered":"<p>Mercredi matin, on a rencontr\u00e9 les petits de la cr\u00e8che. On a plant\u00e9 des petites fleurs dans des petits pots individuels. Apr\u00e8s, on a jou\u00e9 au football&nbsp; avec eux&nbsp; puis ils sont partis avec leurs pots de fleurs. On les &hellip; <a href=\"https:\/\/blog.fondation-ove.fr\/celadon\/la-rencontre-avec-la-creche\/\">Continuer la lecture <span class=\"meta-nav\">&rarr;<\/span><\/a><\/p>\n","protected":false},"author":413,"featured_media":0,"parent":0,"menu_order":0,"comment_status":"closed","ping_status":"closed","template":"","meta":{"ngg_post_thumbnail":0,"footnotes":""},"class_list":["post-1336","page","type-page","status-publish","hentry"],"_links":{"self":[{"href":"https:\/\/blog.fondation-ove.fr\/celadon\/wp-json\/wp\/v2\/pages\/1336","targetHints":{"allow":["GET"]}}],"collection":[{"href":"https:\/\/blog.fondation-ove.fr\/celadon\/wp-json\/wp\/v2\/pages"}],"about":[{"href":"https:\/\/blog.fondation-ove.fr\/celadon\/wp-json\/wp\/v2\/types\/page"}],"author":[{"embeddable":true,"href":"https:\/\/blog.fondation-ove.fr\/celadon\/wp-json\/wp\/v2\/users\/413"}],"replies":[{"embeddable":true,"href":"https:\/\/blog.fondation-ove.fr\/celadon\/wp-json\/wp\/v2\/comments?post=1336"}],"version-history":[{"count":3,"href":"https:\/\/blog.fondation-ove.fr\/celadon\/wp-json\/wp\/v2\/pages\/1336\/revisions"}],"predecessor-version":[{"id":1347,"href":"https:\/\/blog.fondation-ove.fr\/celadon\/wp-json\/wp\/v2\/pages\/1336\/revisions\/1347"}],"wp:attachment":[{"href":"https:\/\/blog.fondation-ove.fr\/celadon\/wp-json\/wp\/v2\/media?parent=1336"}],"curies":[{"name":"wp","href":"https:\/\/api.w.org\/{rel}","templated":true}]}}