{"id":1285,"date":"2019-03-28T15:29:15","date_gmt":"2019-03-28T14:29:15","guid":{"rendered":"http:\/\/blog.fondation-ove.fr\/celadon\/?page_id=1285"},"modified":"2019-05-16T15:21:53","modified_gmt":"2019-05-16T13:21:53","slug":"sortie-sportive-a-jas","status":"publish","type":"page","link":"https:\/\/blog.fondation-ove.fr\/celadon\/sortie-sportive-a-jas\/","title":{"rendered":"Sortie sportive \u00e0 Jas"},"content":{"rendered":"<p>Mercredi 26 mars, nous sommes partis \u00e0 Jas avec K\u00e9vin, Maxime, Corentin, Arthur, Ludivine, Anne-Sophie, Esteban et Julien pour faire du cheval.<\/p>\n<p>Nous avons fait connaissance avec notre cheval puis nous&nbsp; l&rsquo;avons pr\u00e9par\u00e9 notre cheval. Ensuite, nous somme all\u00e9s chercher notre bombe et nous sommes all\u00e9s dans la carri\u00e8re.&nbsp; Nous avons mont\u00e9 et on a fait du trot et un jeu.&nbsp;&nbsp;&nbsp;&nbsp;&nbsp;&nbsp;&nbsp;&nbsp;&nbsp;&nbsp;&nbsp;&nbsp;&nbsp;&nbsp;&nbsp;&nbsp;&nbsp;&nbsp;&nbsp;&nbsp;&nbsp;&nbsp;&nbsp;&nbsp;&nbsp;&nbsp;&nbsp;&nbsp;&nbsp;&nbsp;&nbsp;&nbsp;&nbsp;&nbsp;&nbsp;&nbsp;&nbsp;&nbsp;&nbsp;&nbsp;&nbsp;&nbsp;&nbsp;&nbsp;&nbsp;&nbsp;&nbsp;&nbsp;&nbsp;&nbsp;&nbsp; Enfin, nous avons ramen\u00e9 notre cheval et on est rentr\u00e9s \u00e0 l&rsquo;IME pour 15 h 50.<\/p>\n<p>Arthur et Ludivine<\/p>\n","protected":false},"excerpt":{"rendered":"<p>Mercredi 26 mars, nous sommes partis \u00e0 Jas avec K\u00e9vin, Maxime, Corentin, Arthur, Ludivine, Anne-Sophie, Esteban et Julien pour faire du cheval. Nous avons fait connaissance avec notre cheval puis nous&nbsp; l&rsquo;avons pr\u00e9par\u00e9 notre cheval. Ensuite, nous somme all\u00e9s chercher &hellip; <a href=\"https:\/\/blog.fondation-ove.fr\/celadon\/sortie-sportive-a-jas\/\">Continuer la lecture <span class=\"meta-nav\">&rarr;<\/span><\/a><\/p>\n","protected":false},"author":413,"featured_media":0,"parent":0,"menu_order":0,"comment_status":"closed","ping_status":"closed","template":"","meta":{"ngg_post_thumbnail":0,"footnotes":""},"class_list":["post-1285","page","type-page","status-publish","hentry"],"_links":{"self":[{"href":"https:\/\/blog.fondation-ove.fr\/celadon\/wp-json\/wp\/v2\/pages\/1285","targetHints":{"allow":["GET"]}}],"collection":[{"href":"https:\/\/blog.fondation-ove.fr\/celadon\/wp-json\/wp\/v2\/pages"}],"about":[{"href":"https:\/\/blog.fondation-ove.fr\/celadon\/wp-json\/wp\/v2\/types\/page"}],"author":[{"embeddable":true,"href":"https:\/\/blog.fondation-ove.fr\/celadon\/wp-json\/wp\/v2\/users\/413"}],"replies":[{"embeddable":true,"href":"https:\/\/blog.fondation-ove.fr\/celadon\/wp-json\/wp\/v2\/comments?post=1285"}],"version-history":[{"count":2,"href":"https:\/\/blog.fondation-ove.fr\/celadon\/wp-json\/wp\/v2\/pages\/1285\/revisions"}],"predecessor-version":[{"id":1410,"href":"https:\/\/blog.fondation-ove.fr\/celadon\/wp-json\/wp\/v2\/pages\/1285\/revisions\/1410"}],"wp:attachment":[{"href":"https:\/\/blog.fondation-ove.fr\/celadon\/wp-json\/wp\/v2\/media?parent=1285"}],"curies":[{"name":"wp","href":"https:\/\/api.w.org\/{rel}","templated":true}]}}

Sortie sportive à Jas

<p>Mercredi 26 mars, nous sommes partis à Jas avec Kévin, Maxime, Corentin, Arthur, Ludivine, Anne-Sophie, Esteban et Julien pour faire du cheval.</p>
<p>Nous avons fait connaissance avec notre cheval puis nous&nbsp; l&rsquo;avons préparé notre cheval. Ensuite, nous somme allés chercher notre bombe et nous sommes allés dans la carrière.&nbsp; Nous avons monté et on a fait du trot et un jeu.&nbsp;&nbsp;&nbsp;&nbsp;&nbsp;&nbsp;&nbsp;&nbsp;&nbsp;&nbsp;&nbsp;&nbsp;&nbsp;&nbsp;&nbsp;&nbsp;&nbsp;&nbsp;&nbsp;&nbsp;&nbsp;&nbsp;&nbsp;&nbsp;&nbsp;&nbsp;&nbsp;&nbsp;&nbsp;&nbsp;&nbsp;&nbsp;&nbsp;&nbsp;&nbsp;&nbsp;&nbsp;&nbsp;&nbsp;&nbsp;&nbsp;&nbsp;&nbsp;&nbsp;&nbsp;&nbsp;&nbsp;&nbsp;&nbsp;&nbsp;&nbsp; Enfin, nous avons ramené notre cheval et on est rentrés à l&rsquo;IME pour 15 h 50.</p>
<p>Arthur et Ludivine</p>

<p>Mercredi 26 mars, nous sommes partis à Jas avec Kévin, Maxime, Corentin, Arthur, Ludivine, Anne-Sophie, Esteban et Julien pour faire du cheval. Nous avons fait connaissance avec notre cheval puis nous&nbsp; l&rsquo;avons préparé notre cheval. Ensuite, nous somme allés chercher &hellip; <a href="https://blog.fondation-ove.fr/celadon/sortie-sportive-a-jas/">Continuer la lecture <span class="meta-nav">&rarr;</span></a></p>
