{"id":1187,"date":"2019-02-14T15:33:29","date_gmt":"2019-02-14T14:33:29","guid":{"rendered":"http:\/\/blog.fondation-ove.fr\/celadon\/?page_id=1187"},"modified":"2019-02-15T09:09:44","modified_gmt":"2019-02-15T08:09:44","slug":"ouverture-de-la-boite-a-idees","status":"publish","type":"page","link":"https:\/\/blog.fondation-ove.fr\/celadon\/ouverture-de-la-boite-a-idees\/","title":{"rendered":"Ouverture de la boite \u00e0 id\u00e9es"},"content":{"rendered":"<p>Jeudi 7 f\u00e9vrier, Maxime le d\u00e9l\u00e9gu\u00e9 des \u00e9l\u00e8ves et des adultes ont ouvert la bo\u00eete \u00e0 id\u00e9e.<\/p>\n<p>Le 14 f\u00e9vrier, nous avons r\u00e9uni le conseil avec tous les jeunes et les adultes pr\u00e9sents et nous avons pr\u00e9sent\u00e9 toutes les id\u00e9es.<\/p>\n<p>C\u2019est Maxime qui a lu toutes les id\u00e9es propos\u00e9es et pour toutes, une r\u00e9ponse a \u00e9t\u00e9 apport\u00e9e apr\u00e8s que chacun ait pu donner son avis.<\/p>\n<p>La prochaine ouverture aura lieu le 7 mars et le prochain conseil le 14 mars.<\/p>\n<p>Maxime, Corentin<\/p>\n","protected":false},"excerpt":{"rendered":"<p>Jeudi 7 f\u00e9vrier, Maxime le d\u00e9l\u00e9gu\u00e9 des \u00e9l\u00e8ves et des adultes ont ouvert la bo\u00eete \u00e0 id\u00e9e. Le 14 f\u00e9vrier, nous avons r\u00e9uni le conseil avec tous les jeunes et les adultes pr\u00e9sents et nous avons pr\u00e9sent\u00e9 toutes les id\u00e9es. &hellip; <a href=\"https:\/\/blog.fondation-ove.fr\/celadon\/ouverture-de-la-boite-a-idees\/\">Continuer la lecture <span class=\"meta-nav\">&rarr;<\/span><\/a><\/p>\n","protected":false},"author":413,"featured_media":0,"parent":0,"menu_order":0,"comment_status":"closed","ping_status":"closed","template":"","meta":{"ngg_post_thumbnail":0,"footnotes":""},"class_list":["post-1187","page","type-page","status-publish","hentry"],"_links":{"self":[{"href":"https:\/\/blog.fondation-ove.fr\/celadon\/wp-json\/wp\/v2\/pages\/1187","targetHints":{"allow":["GET"]}}],"collection":[{"href":"https:\/\/blog.fondation-ove.fr\/celadon\/wp-json\/wp\/v2\/pages"}],"about":[{"href":"https:\/\/blog.fondation-ove.fr\/celadon\/wp-json\/wp\/v2\/types\/page"}],"author":[{"embeddable":true,"href":"https:\/\/blog.fondation-ove.fr\/celadon\/wp-json\/wp\/v2\/users\/413"}],"replies":[{"embeddable":true,"href":"https:\/\/blog.fondation-ove.fr\/celadon\/wp-json\/wp\/v2\/comments?post=1187"}],"version-history":[{"count":2,"href":"https:\/\/blog.fondation-ove.fr\/celadon\/wp-json\/wp\/v2\/pages\/1187\/revisions"}],"predecessor-version":[{"id":1194,"href":"https:\/\/blog.fondation-ove.fr\/celadon\/wp-json\/wp\/v2\/pages\/1187\/revisions\/1194"}],"wp:attachment":[{"href":"https:\/\/blog.fondation-ove.fr\/celadon\/wp-json\/wp\/v2\/media?parent=1187"}],"curies":[{"name":"wp","href":"https:\/\/api.w.org\/{rel}","templated":true}]}}

Ouverture de la boite à idées

<p>Jeudi 7 février, Maxime le délégué des élèves et des adultes ont ouvert la boîte à idée.</p>
<p>Le 14 février, nous avons réuni le conseil avec tous les jeunes et les adultes présents et nous avons présenté toutes les idées.</p>
<p>C’est Maxime qui a lu toutes les idées proposées et pour toutes, une réponse a été apportée après que chacun ait pu donner son avis.</p>
<p>La prochaine ouverture aura lieu le 7 mars et le prochain conseil le 14 mars.</p>
<p>Maxime, Corentin</p>

<p>Jeudi 7 février, Maxime le délégué des élèves et des adultes ont ouvert la boîte à idée. Le 14 février, nous avons réuni le conseil avec tous les jeunes et les adultes présents et nous avons présenté toutes les idées. &hellip; <a href="https://blog.fondation-ove.fr/celadon/ouverture-de-la-boite-a-idees/">Continuer la lecture <span class="meta-nav">&rarr;</span></a></p>
