{"id":1165,"date":"2019-02-07T15:05:14","date_gmt":"2019-02-07T14:05:14","guid":{"rendered":"http:\/\/blog.fondation-ove.fr\/celadon\/?page_id=1165"},"modified":"2019-02-07T15:07:29","modified_gmt":"2019-02-07T14:07:29","slug":"le-repas-italien","status":"publish","type":"page","link":"https:\/\/blog.fondation-ove.fr\/celadon\/le-repas-italien\/","title":{"rendered":"Le repas italien"},"content":{"rendered":"<p>Jeudi 31 janvier<\/p>\n<p>Le matin, nous avons fait deux groupes.<\/p>\n<p>Dans le premier groupe, il y avait Maxime et Corentin et dans le second, Anne Sophie et Mathilde.<\/p>\n<p><img loading=\"lazy\" decoding=\"async\" class=\"alignnone size-medium wp-image-1160 aligncenter\" src=\"http:\/\/blog.fondation-ove.fr\/celadon\/wp-content\/uploads\/sites\/56\/2019\/01\/photo-repas-italien-300x216.jpg\" alt=\"\" width=\"300\" height=\"216\"><\/p>\n<p>Dans le premier groupe, on a \u00e9pluch\u00e9 les pommes de terre, on les a fait cuire dans l&rsquo;eau. Ensuite, on les a \u00e9goutt\u00e9es puis \u00e9cras\u00e9es. On a ajout\u00e9 de la farine, des oeufs avant de m\u00e9langer et de fabriquer les gnocchi. On les a fait pocher dans une casserole.<\/p>\n<p><img loading=\"lazy\" decoding=\"async\" class=\"alignnone size-medium wp-image-1161 aligncenter\" src=\"http:\/\/blog.fondation-ove.fr\/celadon\/wp-content\/uploads\/sites\/56\/2019\/01\/re\u00e2s-italien-2-225x300.jpg\" alt=\"\" width=\"225\" height=\"300\"><\/p>\n<p>Pendant ce temps, le deuxi\u00e8me groupe s&rsquo;est occup\u00e9 des antipasti : du jambon de parme, de la coppa ainsi que des aubergines \u00e0 la mozzarella.<\/p>\n<p>En dessert, Chantal avait pr\u00e9par\u00e9 de la panna cotta.<\/p>\n<p>On avait invit\u00e9 S\u00e9verine, Marilyne, K\u00e9vin et Thierry.<\/p>\n<p>On s&rsquo;est bien r\u00e9gal\u00e9, vivement le prochain repas sp\u00e9cial !!!<\/p>\n<p>Corentin<\/p>\n","protected":false},"excerpt":{"rendered":"<p>Jeudi 31 janvier Le matin, nous avons fait deux groupes. Dans le premier groupe, il y avait Maxime et Corentin et dans le second, Anne Sophie et Mathilde. Dans le premier groupe, on a \u00e9pluch\u00e9 les pommes de terre, on &hellip; <a href=\"https:\/\/blog.fondation-ove.fr\/celadon\/le-repas-italien\/\">Continuer la lecture <span class=\"meta-nav\">&rarr;<\/span><\/a><\/p>\n","protected":false},"author":413,"featured_media":0,"parent":0,"menu_order":0,"comment_status":"closed","ping_status":"closed","template":"","meta":{"ngg_post_thumbnail":0,"footnotes":""},"class_list":["post-1165","page","type-page","status-publish","hentry"],"_links":{"self":[{"href":"https:\/\/blog.fondation-ove.fr\/celadon\/wp-json\/wp\/v2\/pages\/1165","targetHints":{"allow":["GET"]}}],"collection":[{"href":"https:\/\/blog.fondation-ove.fr\/celadon\/wp-json\/wp\/v2\/pages"}],"about":[{"href":"https:\/\/blog.fondation-ove.fr\/celadon\/wp-json\/wp\/v2\/types\/page"}],"author":[{"embeddable":true,"href":"https:\/\/blog.fondation-ove.fr\/celadon\/wp-json\/wp\/v2\/users\/413"}],"replies":[{"embeddable":true,"href":"https:\/\/blog.fondation-ove.fr\/celadon\/wp-json\/wp\/v2\/comments?post=1165"}],"version-history":[{"count":3,"href":"https:\/\/blog.fondation-ove.fr\/celadon\/wp-json\/wp\/v2\/pages\/1165\/revisions"}],"predecessor-version":[{"id":1171,"href":"https:\/\/blog.fondation-ove.fr\/celadon\/wp-json\/wp\/v2\/pages\/1165\/revisions\/1171"}],"wp:attachment":[{"href":"https:\/\/blog.fondation-ove.fr\/celadon\/wp-json\/wp\/v2\/media?parent=1165"}],"curies":[{"name":"wp","href":"https:\/\/api.w.org\/{rel}","templated":true}]}}

<p>Jeudi 31 janvier</p>
<p>Le matin, nous avons fait deux groupes.</p>
<p>Dans le premier groupe, il y avait Maxime et Corentin et dans le second, Anne Sophie et Mathilde.</p>
<p><img loading="lazy" decoding="async" class="alignnone size-medium wp-image-1160 aligncenter" src="http://blog.fondation-ove.fr/celadon/wp-content/uploads/sites/56/2019/01/photo-repas-italien-300x216.jpg" alt="" width="300" height="216"></p>
<p>Dans le premier groupe, on a épluché les pommes de terre, on les a fait cuire dans l&rsquo;eau. Ensuite, on les a égouttées puis écrasées. On a ajouté de la farine, des oeufs avant de mélanger et de fabriquer les gnocchi. On les a fait pocher dans une casserole.</p>
<p><img loading="lazy" decoding="async" class="alignnone size-medium wp-image-1161 aligncenter" src="http://blog.fondation-ove.fr/celadon/wp-content/uploads/sites/56/2019/01/reâs-italien-2-225x300.jpg" alt="" width="225" height="300"></p>
<p>Pendant ce temps, le deuxième groupe s&rsquo;est occupé des antipasti : du jambon de parme, de la coppa ainsi que des aubergines à la mozzarella.</p>
<p>En dessert, Chantal avait préparé de la panna cotta.</p>
<p>On avait invité Séverine, Marilyne, Kévin et Thierry.</p>
<p>On s&rsquo;est bien régalé, vivement le prochain repas spécial !!!</p>
<p>Corentin</p>

<p>Jeudi 31 janvier Le matin, nous avons fait deux groupes. Dans le premier groupe, il y avait Maxime et Corentin et dans le second, Anne Sophie et Mathilde. Dans le premier groupe, on a épluché les pommes de terre, on &hellip; <a href="https://blog.fondation-ove.fr/celadon/le-repas-italien/">Continuer la lecture <span class="meta-nav">&rarr;</span></a></p>
