{"id":1109,"date":"2019-01-10T15:23:24","date_gmt":"2019-01-10T14:23:24","guid":{"rendered":"http:\/\/blog.fondation-ove.fr\/celadon\/?page_id=1109"},"modified":"2019-01-10T15:23:42","modified_gmt":"2019-01-10T14:23:42","slug":"le-concours-de-bd-dangouleme","status":"publish","type":"page","link":"https:\/\/blog.fondation-ove.fr\/celadon\/le-concours-de-bd-dangouleme\/","title":{"rendered":"Le concours de BD d&rsquo;Angoul\u00eame"},"content":{"rendered":"<p>Cette ann\u00e9e, on a particip\u00e9 au concours de BD qui a lieu lors du festival d&rsquo;Angoul\u00eame. Le th\u00e8me \u00e9tait le partage. Nous avons divis\u00e9 la classe en 3 groupes. Chaque groupe a cr\u00e9e une BD. Le premier groupe,&nbsp; Arthur, Maxime, Corentin et Nathan a fait une histoire sur le sport. Le deuxi\u00e8me, Clara, Valentin et Vincent a travaill\u00e9 sur le th\u00e9\u00e2tre. Le troisi\u00e8me groupe, Furkan, Est\u00e9ban et Julien a r\u00e9alis\u00e9 une BD sur une course de voitures. Pour savoir quelle BD envoyer au concours, on a vot\u00e9 et c&rsquo;est la BD sur le th\u00e9\u00e2tre qui a \u00e9t\u00e9 choisie. On attend avec impatience le r\u00e9sultat du concours.<\/p>\n<p>Maxime &nbsp;<\/p>\n","protected":false},"excerpt":{"rendered":"<p>Cette ann\u00e9e, on a particip\u00e9 au concours de BD qui a lieu lors du festival d&rsquo;Angoul\u00eame. Le th\u00e8me \u00e9tait le partage. Nous avons divis\u00e9 la classe en 3 groupes. Chaque groupe a cr\u00e9e une BD. Le premier groupe,&nbsp; Arthur, Maxime, &hellip; <a href=\"https:\/\/blog.fondation-ove.fr\/celadon\/le-concours-de-bd-dangouleme\/\">Continuer la lecture <span class=\"meta-nav\">&rarr;<\/span><\/a><\/p>\n","protected":false},"author":413,"featured_media":0,"parent":0,"menu_order":0,"comment_status":"closed","ping_status":"closed","template":"","meta":{"ngg_post_thumbnail":0,"footnotes":""},"class_list":["post-1109","page","type-page","status-publish","hentry"],"_links":{"self":[{"href":"https:\/\/blog.fondation-ove.fr\/celadon\/wp-json\/wp\/v2\/pages\/1109","targetHints":{"allow":["GET"]}}],"collection":[{"href":"https:\/\/blog.fondation-ove.fr\/celadon\/wp-json\/wp\/v2\/pages"}],"about":[{"href":"https:\/\/blog.fondation-ove.fr\/celadon\/wp-json\/wp\/v2\/types\/page"}],"author":[{"embeddable":true,"href":"https:\/\/blog.fondation-ove.fr\/celadon\/wp-json\/wp\/v2\/users\/413"}],"replies":[{"embeddable":true,"href":"https:\/\/blog.fondation-ove.fr\/celadon\/wp-json\/wp\/v2\/comments?post=1109"}],"version-history":[{"count":1,"href":"https:\/\/blog.fondation-ove.fr\/celadon\/wp-json\/wp\/v2\/pages\/1109\/revisions"}],"predecessor-version":[{"id":1113,"href":"https:\/\/blog.fondation-ove.fr\/celadon\/wp-json\/wp\/v2\/pages\/1109\/revisions\/1113"}],"wp:attachment":[{"href":"https:\/\/blog.fondation-ove.fr\/celadon\/wp-json\/wp\/v2\/media?parent=1109"}],"curies":[{"name":"wp","href":"https:\/\/api.w.org\/{rel}","templated":true}]}}