{"id":1088,"date":"2018-12-06T15:01:59","date_gmt":"2018-12-06T14:01:59","guid":{"rendered":"http:\/\/blog.fondation-ove.fr\/celadon\/?page_id=1088"},"modified":"2018-12-06T15:04:42","modified_gmt":"2018-12-06T14:04:42","slug":"sport-adapte-a-rive-de-gier","status":"publish","type":"page","link":"https:\/\/blog.fondation-ove.fr\/celadon\/sport-adapte-a-rive-de-gier\/","title":{"rendered":"Sport adapt\u00e9 \u00e0 Rive de Gier"},"content":{"rendered":"<p>Mercredi 5 d\u00e9cembre, nous sommes all\u00e9s \u00e0 Rive de Gier pour rencontre sport de adapt\u00e9.<\/p>\n<p>Nous avons gal\u00e9r\u00e9&nbsp; pour trouver le gymnase du lyc\u00e9e Ren\u00e9 Cassin.<\/p>\n<p>Nous avons jou\u00e9 au badminton, \u00e0 la boccia qui est une sorte de p\u00e9tanque assise et de l&rsquo; escalade .<\/p>\n<p><img loading=\"lazy\" decoding=\"async\" class=\"alignnone size-medium wp-image-1078 aligncenter\" src=\"http:\/\/blog.fondation-ove.fr\/celadon\/wp-content\/uploads\/sites\/56\/2018\/12\/boccia-225x300.jpg\" alt=\"\" width=\"225\" height=\"300\"><\/p>\n<p>Puis on a fait un sarbathlon dans lequel il fallait tirer sur une cible \u00e0 la sarbacane puis faire des tours de circuits.<\/p>\n<p><img loading=\"lazy\" decoding=\"async\" class=\"alignnone size-medium wp-image-1079 aligncenter\" src=\"http:\/\/blog.fondation-ove.fr\/celadon\/wp-content\/uploads\/sites\/56\/2018\/12\/photo-badminton-225x300.jpg\" alt=\"\" width=\"225\" height=\"300\"><\/p>\n<p>Nous \u00e9tions r\u00e9partis dans des \u00e9quipes de diff\u00e9rentes couleurs.<\/p>\n<p><img loading=\"lazy\" decoding=\"async\" class=\"alignnone size-medium wp-image-1080 aligncenter\" src=\"http:\/\/blog.fondation-ove.fr\/celadon\/wp-content\/uploads\/sites\/56\/2018\/12\/sport-adpat\u00e9-225x300.jpg\" alt=\"\" width=\"225\" height=\"300\"><\/p>\n<p>Nous avons pass\u00e9 une belle journ\u00e9e.<\/p>\n<p>Furkan, Gr\u00e9goire et Valentin<\/p>\n<p>&nbsp;<\/p>\n<p>&nbsp;<\/p>\n<p>&nbsp;<\/p>\n<p>&nbsp;<\/p>\n<p>&nbsp;<\/p>\n","protected":false},"excerpt":{"rendered":"<p>Mercredi 5 d\u00e9cembre, nous sommes all\u00e9s \u00e0 Rive de Gier pour rencontre sport de adapt\u00e9. Nous avons gal\u00e9r\u00e9&nbsp; pour trouver le gymnase du lyc\u00e9e Ren\u00e9 Cassin. Nous avons jou\u00e9 au badminton, \u00e0 la boccia qui est une sorte de p\u00e9tanque &hellip; <a href=\"https:\/\/blog.fondation-ove.fr\/celadon\/sport-adapte-a-rive-de-gier\/\">Continuer la lecture <span class=\"meta-nav\">&rarr;<\/span><\/a><\/p>\n","protected":false},"author":413,"featured_media":0,"parent":0,"menu_order":0,"comment_status":"closed","ping_status":"closed","template":"","meta":{"ngg_post_thumbnail":0,"footnotes":""},"class_list":["post-1088","page","type-page","status-publish","hentry"],"_links":{"self":[{"href":"https:\/\/blog.fondation-ove.fr\/celadon\/wp-json\/wp\/v2\/pages\/1088","targetHints":{"allow":["GET"]}}],"collection":[{"href":"https:\/\/blog.fondation-ove.fr\/celadon\/wp-json\/wp\/v2\/pages"}],"about":[{"href":"https:\/\/blog.fondation-ove.fr\/celadon\/wp-json\/wp\/v2\/types\/page"}],"author":[{"embeddable":true,"href":"https:\/\/blog.fondation-ove.fr\/celadon\/wp-json\/wp\/v2\/users\/413"}],"replies":[{"embeddable":true,"href":"https:\/\/blog.fondation-ove.fr\/celadon\/wp-json\/wp\/v2\/comments?post=1088"}],"version-history":[{"count":3,"href":"https:\/\/blog.fondation-ove.fr\/celadon\/wp-json\/wp\/v2\/pages\/1088\/revisions"}],"predecessor-version":[{"id":1095,"href":"https:\/\/blog.fondation-ove.fr\/celadon\/wp-json\/wp\/v2\/pages\/1088\/revisions\/1095"}],"wp:attachment":[{"href":"https:\/\/blog.fondation-ove.fr\/celadon\/wp-json\/wp\/v2\/media?parent=1088"}],"curies":[{"name":"wp","href":"https:\/\/api.w.org\/{rel}","templated":true}]}}