{"id":1023,"date":"2018-11-08T15:34:58","date_gmt":"2018-11-08T14:34:58","guid":{"rendered":"http:\/\/blog.fondation-ove.fr\/celadon\/?page_id=1023"},"modified":"2018-11-15T14:08:35","modified_gmt":"2018-11-15T13:08:35","slug":"mon-stage-chez-pateatartiner","status":"publish","type":"page","link":"https:\/\/blog.fondation-ove.fr\/celadon\/mon-stage-chez-pateatartiner\/","title":{"rendered":"Mon stage chez P\u00e2teatartiner"},"content":{"rendered":"<p>J&rsquo;ai fait mon stage du 8 au 18 novembre. Quand je suis arriv\u00e9, je me suis pr\u00e9sent\u00e9&nbsp; au personnel.<\/p>\n<p>J&rsquo;ai vu comment il fabrique le chocolat. Ils m&rsquo;ont pr\u00e9sent\u00e9 toutes les machines de fabrication.<\/p>\n<p>&nbsp;J&rsquo;ai fait des taches vari\u00e9es :<\/p>\n<p>&nbsp;On a mis le beurre, le chocolat et le lait dans la machine puis on a m\u00e9lang\u00e9. Puis j&rsquo;ai mis des plaquettes sur les coffrets des bo\u00eetes. J&rsquo;ai mis des \u00e9tiquettes sur les pots et j&rsquo;ai pr\u00e9par\u00e9 des commandes. J&rsquo;ai charg\u00e9 un camion, j&rsquo;ai fait du conditionnement, tri\u00e9 les cartons&#8230; J&rsquo;ai aussi particip\u00e9 \u00e0 une r\u00e9union mais cela, je n&rsquo;ai pas beaucoup aim\u00e9.<\/p>\n<p>C&rsquo;\u00e9tait&nbsp; un tr\u00e8s bon stage.<\/p>\n<p>&nbsp;<\/p>\n<p>Valentin<\/p>\n<p>&nbsp;<\/p>\n<p>&nbsp;<\/p>\n<p>&nbsp;<\/p>\n<p>&nbsp;<\/p>\n<p>&nbsp;<\/p>\n<p>&nbsp;<\/p>\n<p>&nbsp;<\/p>\n<p>&nbsp;<\/p>\n","protected":false},"excerpt":{"rendered":"<p>J&rsquo;ai fait mon stage du 8 au 18 novembre. Quand je suis arriv\u00e9, je me suis pr\u00e9sent\u00e9&nbsp; au personnel. J&rsquo;ai vu comment il fabrique le chocolat. Ils m&rsquo;ont pr\u00e9sent\u00e9 toutes les machines de fabrication. &nbsp;J&rsquo;ai fait des taches vari\u00e9es : &hellip; <a href=\"https:\/\/blog.fondation-ove.fr\/celadon\/mon-stage-chez-pateatartiner\/\">Continuer la lecture <span class=\"meta-nav\">&rarr;<\/span><\/a><\/p>\n","protected":false},"author":413,"featured_media":0,"parent":0,"menu_order":0,"comment_status":"closed","ping_status":"closed","template":"","meta":{"ngg_post_thumbnail":0,"footnotes":""},"class_list":["post-1023","page","type-page","status-publish","hentry"],"_links":{"self":[{"href":"https:\/\/blog.fondation-ove.fr\/celadon\/wp-json\/wp\/v2\/pages\/1023","targetHints":{"allow":["GET"]}}],"collection":[{"href":"https:\/\/blog.fondation-ove.fr\/celadon\/wp-json\/wp\/v2\/pages"}],"about":[{"href":"https:\/\/blog.fondation-ove.fr\/celadon\/wp-json\/wp\/v2\/types\/page"}],"author":[{"embeddable":true,"href":"https:\/\/blog.fondation-ove.fr\/celadon\/wp-json\/wp\/v2\/users\/413"}],"replies":[{"embeddable":true,"href":"https:\/\/blog.fondation-ove.fr\/celadon\/wp-json\/wp\/v2\/comments?post=1023"}],"version-history":[{"count":3,"href":"https:\/\/blog.fondation-ove.fr\/celadon\/wp-json\/wp\/v2\/pages\/1023\/revisions"}],"predecessor-version":[{"id":1033,"href":"https:\/\/blog.fondation-ove.fr\/celadon\/wp-json\/wp\/v2\/pages\/1023\/revisions\/1033"}],"wp:attachment":[{"href":"https:\/\/blog.fondation-ove.fr\/celadon\/wp-json\/wp\/v2\/media?parent=1023"}],"curies":[{"name":"wp","href":"https:\/\/api.w.org\/{rel}","templated":true}]}}